NOAA-Style Climate Reports
Select a Year or Month report
2024: Jan Feb Mar Apr May Jun Jul Aug Sep Oct Nov Dec
2023: Jan Feb Mar Apr May Jun Jul Aug Sep Oct Nov Dec
2024: Jan Feb Mar Apr May Jun Jul Aug Sep Oct Nov Dec
2023: Jan Feb Mar Apr May Jun Jul Aug Sep Oct Nov Dec
Report for 2024 April
Daily NOAA report MONTHLY CLIMATOLOGICAL SUMMARY for APR. 2024 NAME: CITY: STATE: ELEV: LAT: LONG: TEMPERATURE ( °F), RAIN (in.), WIND SPEED (mph) HEAT COOL AVG MEAN DEG DEG WIND DOM DAY TEMP HIGH TIME LOW TIME DAYS DAYS RAIN SPEED HIGH TIME DIR -------------------------------------------------------------------------------------------------------- 01 73.5 082.8 16:53 66.8 23:15 00.0 08.6 00.00 11.1 58.6 21:56 SE 02 64.6 070.8 13:57 54.7 00:00 00.3 00.0 00.00 15.1 40.3 17:25 NW 03 63.3 079.2 17:32 47.5 05:45 01.6 00.0 00.00 09.1 32.2 16:08 NW 04 70.0 087.8 18:02 53.7 06:10 00.0 05.1 00.00 03.5 21.9 12:58 ESE 05 71.7 084.3 15:16 61.2 03:24 00.0 06.8 00.00 08.4 40.3 15:33 SE 06 67.3 076.9 15:51 60.0 01:58 00.0 02.4 00.00 10.3 31.1 16:39 SE 07 69.2 079.3 17:06 58.5 07:39 00.0 04.3 00.05 05.9 29.9 06:43 N 08 70.6 077.7 12:51 61.7 02:15 00.0 05.7 00.04 06.1 25.3 19:50 SE 09 72.3 083.9 16:01 63.0 21:51 00.0 07.4 00.38 08.8 47.1 20:50 ESE 10 61.8 067.1 17:42 55.1 08:28 03.2 00.0 00.15 18.2 50.6 14:31 NW 11 66.9 080.5 18:26 53.8 05:03 00.0 01.9 00.00 08.7 28.8 14:10 NW 12 67.3 081.1 16:00 53.2 07:13 00.0 02.4 00.00 07.0 28.8 14:11 SE 13 69.9 080.6 16:53 61.8 02:47 00.0 04.9 00.00 10.1 43.7 15:35 SE 14 71.2 082.1 15:41 63.6 05:40 00.0 06.2 00.00 08.1 27.6 19:10 SE 15 72.7 082.9 14:41 67.7 07:11 00.0 07.8 00.00 10.2 36.8 17:19 SE 16 72.9 080.4 16:06 69.0 07:56 00.0 08.0 00.03 06.9 31.1 01:53 SE 17 74.5 080.7 12:38 71.3 06:31 00.0 09.6 00.00 06.7 34.5 22:48 SE 18 77.4 087.4 16:47 71.0 07:43 00.0 12.4 00.00 06.1 23.0 10:52 SE 19 69.1 074.1 16:16 62.2 09:52 00.0 04.2 00.00 05.7 26.4 14:22 NNE -------------------------------------------------------------------------------------------------------- 69.8 (70.4) 87.8 day 04 47.5 day 03 005.1 097.6 00.65 08.7 58.7 day 01 ESE Max > 86: 2 Min < 86: 19 Max Rain: 0.38 ON 9-04-24 Days of Rain: 5 (> .008in) 2 (> .08in) 0 (> 0.8in)