NOAA-Style Climate Reports

Select a Year or Month report
2024: Jan Feb Mar Apr May Jun Jul Aug Sep Oct Nov Dec
2023: Jan Feb Mar Apr May Jun Jul Aug Sep Oct Nov Dec

Report for 2024 June

Daily NOAA report



                            MONTHLY CLIMATOLOGICAL SUMMARY for JUN. 2024

NAME:    CITY:  STATE: 
ELEV:  LAT:  LONG: 

                            TEMPERATURE ( °F), RAIN (in.), WIND SPEED (mph)

                                               HEAT     COOL           AVG
      MEAN                                     DEG      DEG            WIND                       DOM
DAY   TEMP    HIGH   TIME     LOW    TIME      DAYS     DAYS    RAIN   SPEED    HIGH    TIME      DIR
--------------------------------------------------------------------------------------------------------
01    79.7   089.8   16:20    70.3   05:50     00.0     14.8   00.00   05.4     17.3    16:00     ESE
02    82.5   091.8   14:50    75.9   07:06     00.0     17.6   00.01   08.9     33.4    22:20      SE
03    83.7   094.1   15:41    78.1   07:00     00.0     18.7   00.00   10.0     31.1    18:50      SE
04    85.6   097.0   17:38    78.3   06:42     00.0     20.6   00.00   09.7     34.5    23:33      SE
05    80.2   088.4   16:39    69.0   10:44     00.0     15.2   00.04   07.2     33.4    09:49     ESE
06    83.1   094.6   16:24    71.4   07:09     00.0     18.2   00.00   04.5     19.6    14:04     ESE
07    83.3   093.7   17:06    71.6   06:46     00.0     18.3   00.00   05.6     26.4    16:41     ESE
08    83.0   092.9   17:10    72.7   07:01     00.0     18.1   00.00   07.4     26.4    18:23      SE
09    82.5   093.4   16:45    71.5   06:00     00.0     17.5   00.00   06.3     24.1    12:16      SE
10    81.9   090.0   13:24    76.6   04:46     00.0     16.9   00.00   04.4     21.9    19:20     ESE
11    78.0   092.8   14:53    71.7   06:54     00.0     13.1   00.05   04.3     34.5    15:46      E 
12    79.4   090.8   17:38    71.3   06:19     00.0     14.5   00.00   04.0     18.4    15:47     ENE
13    83.3   094.4   17:15    73.4   06:48     00.0     18.4   00.00   04.4     18.4    19:51     ESE
14    84.2   094.8   16:21    74.0   06:03     00.0     19.3   00.00   04.9     19.6    19:26     ESE
15    83.7   093.7   15:49    74.1   06:44     00.0     18.8   00.00   06.4     33.4    21:36      SE
16    84.0   093.9   17:06    74.0   06:46     00.0     19.0   00.00   08.3     29.9    22:31      SE
--------------------------------------------------------------------------------------------------------
82.4 (83.1)   97.0  day 04     69.0  day 05   000.0    279.0   00.09   06.4     34.5   day 11     ESE
Max >  86: 16
Min <  86: 16
Max Rain: 0.05 ON 11-06-24
Days of Rain: 3 (> .008in) 0 (> .08in) 0 (> 0.8in)