NOAA-Style Climate Reports

Select a Year or Month report
2019: Jan Feb Mar Apr May Jun Jul Aug Sep Oct Nov Dec
2018: Jan Feb Mar Apr May Jun Jul Aug Sep Oct Nov Dec
2017: Jan Feb Mar Apr May Jun Jul Aug Sep Oct Nov Dec
2016: Jan Feb Mar Apr May Jun Jul Aug Sep Oct Nov Dec
2015: Jan Feb Mar Apr May Jun Jul Aug Sep Oct Nov Dec
2014: Jan Feb Mar Apr May Jun Jul Aug Sep Oct Nov Dec
2013: Jan Feb Mar Apr May Jun Jul Aug Sep Oct Nov Dec
2012: Jan Feb Mar Apr May Jun Jul Aug Sep Oct Nov Dec
2011: Jan Feb Mar Apr May Jun Jul Aug Sep Oct Nov Dec
2010: Jan Feb Mar Apr May Jun Jul Aug Sep Oct Nov Dec
2009: Jan Feb Mar Apr May Jun Jul Aug Sep Oct Nov Dec
2008: Jan Feb Mar Apr May Jun Jul Aug Sep Oct Nov Dec
2007: Jan Feb Mar Apr May Jun Jul Aug Sep Oct Nov Dec
2006: Jan Feb Mar Apr May Jun Jul Aug Sep Oct Nov Dec
2005: Jan Feb Mar Apr May Jun Jul Aug Sep Oct Nov Dec
2004: Jan Feb Mar Apr May Jun Jul Aug Sep Oct Nov Dec
2003: Jan Feb Mar Apr May Jun Jul Aug Sep Oct Nov Dec
2002: Jan Feb Mar Apr May Jun Jul Aug Sep Oct Nov Dec

Report for 2017 June
                  MONTHLY CLIMATOLOGICAL SUMMARY FOR 6/2017
                                        HEAT  COOL        
     MEAN                               DEG   DEG       WIND SPEED       DOM MEAN  MEAN
DAY  TEMP  HIGH   TIME     LOW   TIME   DAYS  DAYS RAIN AVG  HI  TIME    DIR BAROM HUM
---------------------------------------------------------------------------------------
1    74.4  86.6   4:40pm  63.9   6:27am   26   42  0.00   1  13   7:17pm  SE 29.91   81
2    79.8  90.0   3:52pm  72.1   6:07am   20   48  0.00   2  13   3:24am  SE 29.85   76
3    78.0  89.4   4:39pm  68.3  11:58pm   22   45  0.35   2  31   9:26pm  SE 29.83   79
4    72.0  87.4   2:29pm  66.2   5:51am   28   40  0.20   1  18   3:57pm WSW 29.78   85
5    73.4  87.2   4:27pm  66.6   6:54am   27   41  0.12   3  27   4:46pm NNW 29.71   83
6    77.0  88.3   5:02pm  67.8   4:15am   23   45  0.01   4  24   3:07pm NNW 29.79   73
7    79.5  91.2   3:29pm  67.5   6:40am   20   48  0.00   2  14   5:32pm NNW 29.87   60
8    80.5  91.7   4:04pm  69.8   6:06am   19   49  0.00   1  12   8:53am  SE 29.86   66
9    78.4  88.6   3:38pm  71.4   5:03am   22   46  0.00   2  16   4:40pm  SE 29.80   78
10   77.9  89.4   4:46pm  66.5   6:32am   22   46  0.00   3  18   5:11pm SSE 29.82   72
11   80.0  90.7   3:51pm  71.8   6:38am   20   48  0.00   4  19   2:13pm SSE 29.84   69
12   80.7  92.5   4:06pm  70.2   5:30am   19   49  0.00   3  17  12:52pm  SE 29.84   69
13   82.3  94.5   3:43pm  73.6   2:08am   18   50  0.00   5  23   8:03pm SSE 29.82   72
14   83.2  92.8   5:08pm  76.2   4:29am   16   50  0.00   5  20   9:56am SSE 29.85   71
15   84.1  95.8   5:05pm  74.1   5:56am   16   52  0.00   4  20  12:24pm SSE 29.86   69
16   84.5  96.0   4:37pm  74.9   5:02am   15   53  0.00   5  20   9:58pm   S 29.78   69
17   85.1  98.4   4:47pm  74.5   6:55am   15   53  0.00   5  22  11:13pm SSE 29.68   70
18   84.8  96.7   3:23pm  75.5   5:15am   15   53  0.00   4  21   2:24am SSE 29.70   70
19   80.1  89.2   6:01pm  73.1   6:23am   20   48  0.00   2  19   3:08pm  SE 29.86   76
20   82.4  94.5   4:58pm  70.9   6:05am   18   50  0.00   2  16   1:25pm ESE 29.89   69
21   82.3  94.3   3:05pm  70.3   6:46am   18   50  0.00   4  22   1:08pm  NE 29.76   60
22   82.9  98.1   5:28pm  71.7   6:50am   17   51  0.00   2  16   9:15am  NW 29.63   63
23   87.1 101.5   4:45pm  74.1   6:37am   13   55  0.00   4  21   9:34pm SSE 29.71   66
24   77.7  81.7  12:00am  71.9  10:03am   22   46  0.32   3  22  11:54am  SE 29.96   81
25   77.9  86.9   2:23pm  70.4   6:08am   22   46  0.00   2  19   2:24pm  SE 30.07   78
26   77.9  88.7   3:33pm  72.0   6:43am   22   46  0.24   1  24   8:31pm  SE 30.01   80
27   76.6  89.9   3:51pm  70.2  11:36pm   23   45  0.04   1  30   5:32pm  SE 29.93   82
28   78.5  90.3   3:37pm  68.3   4:44am   21   47  0.00   1  15   1:12pm  SE 29.85   76
29   83.3  94.6   4:25pm  73.3   6:55am   17   51  0.00   3  19   2:43pm SSE 29.79   74
30   84.8  95.8   5:05pm  77.1   6:49am   15   53  0.00   5  23  11:02am SSE 29.83   72
---------------------------------------------------------------------------------------
TOT  80.2 101.5  6/23/17  63.9   6/1/17  592 1445  1.28   3  31   6/3/17  SE 29.83   73

HEAT BASE: 100.0
COOL BASE: 32.0