NOAA-Style Climate Reports

Select a Year or Month report
2019: Jan Feb Mar Apr May Jun Jul Aug Sep Oct Nov Dec
2018: Jan Feb Mar Apr May Jun Jul Aug Sep Oct Nov Dec
2017: Jan Feb Mar Apr May Jun Jul Aug Sep Oct Nov Dec
2016: Jan Feb Mar Apr May Jun Jul Aug Sep Oct Nov Dec
2015: Jan Feb Mar Apr May Jun Jul Aug Sep Oct Nov Dec
2014: Jan Feb Mar Apr May Jun Jul Aug Sep Oct Nov Dec
2013: Jan Feb Mar Apr May Jun Jul Aug Sep Oct Nov Dec
2012: Jan Feb Mar Apr May Jun Jul Aug Sep Oct Nov Dec
2011: Jan Feb Mar Apr May Jun Jul Aug Sep Oct Nov Dec
2010: Jan Feb Mar Apr May Jun Jul Aug Sep Oct Nov Dec
2009: Jan Feb Mar Apr May Jun Jul Aug Sep Oct Nov Dec
2008: Jan Feb Mar Apr May Jun Jul Aug Sep Oct Nov Dec
2007: Jan Feb Mar Apr May Jun Jul Aug Sep Oct Nov Dec
2006: Jan Feb Mar Apr May Jun Jul Aug Sep Oct Nov Dec
2005: Jan Feb Mar Apr May Jun Jul Aug Sep Oct Nov Dec
2004: Jan Feb Mar Apr May Jun Jul Aug Sep Oct Nov Dec
2003: Jan Feb Mar Apr May Jun Jul Aug Sep Oct Nov Dec
2002: Jan Feb Mar Apr May Jun Jul Aug Sep Oct Nov Dec

Report for 2016 February
                  MONTHLY CLIMATOLOGICAL SUMMARY FOR 2/2016
                                        HEAT  COOL        
     MEAN                               DEG   DEG       WIND SPEED       DOM MEAN  MEAN
DAY  TEMP  HIGH   TIME     LOW   TIME   DAYS  DAYS RAIN AVG  HI  TIME    DIR BAROM HUM
---------------------------------------------------------------------------------------
1    61.9  74.7   4:13pm  50.5   4:45am   38   30  0.00   4  25   4:46pm SSE 29.67   76
2    58.9  69.2   3:00pm  47.6  10:41pm   41   27  0.00   8  27   3:55am  NW 29.75   35
3    45.9  55.8   3:29pm  36.2  11:21pm   54   14  0.00   6  22   1:47pm NNW 30.14   51
4    41.6  56.2   2:38pm  30.2   6:59am   58   10  0.00   2  13   1:59pm  NW 30.43   55
5    47.7  60.5   2:21pm  33.9   7:26am   52   16  0.00   2  19  12:11pm SSE 30.36   53
6    48.3  58.5   2:44pm  37.4  11:58pm   51   16  0.00   7  31  11:22am WNW 30.33   55
7    49.1  66.8   3:41pm  34.2   5:04am   50   17  0.00   2  19   2:32pm  SW 30.21   61
8    51.2  60.6   3:28pm  42.7  10:05pm   49   19  0.00   8  27   3:13pm NNW 30.30   36
9    53.4  69.6   4:31pm  36.8   5:12am   47   21  0.00   5  22   1:49pm  NW 30.30   39
10   57.3  74.5   3:37pm  40.5   7:08am   43   25  0.00   1  12   1:46pm  SW 30.27   45
11   65.7  82.1   2:18pm  55.5   1:05am   34   34  0.00   2  21   2:52am  SW 30.09   39
12   64.1  77.2   3:08pm  49.2   7:20am   36   32  0.00   1  15   1:26pm  SW 30.16   54
13   60.6  73.4   1:24pm  48.8   6:46am   39   29  0.00   2  18   8:28pm SSE 30.22   64
14   61.2  73.0   3:16pm  54.5   1:15am   39   29  0.00   3  25  12:52pm   S 29.92   80
15   61.0  71.4   3:57pm  52.0  11:10pm   39   29  0.00   4  21  10:57am NNW 29.86   68
16   62.8  77.9   2:14pm  49.2   7:17am   37   31  0.00   2  17  11:57am  SW 29.95   51
17   60.3  73.4   3:01pm  46.7   7:38am   40   28  0.00   2  15   9:14am  SE 30.16   42
18   64.2  77.1   3:27pm  52.5   1:13am   36   32  0.00   5  30  10:13pm SSE 30.11   71
19   68.5  78.9   3:32pm  62.0   3:17am   32   36  0.00   4  24  12:30am   S 30.05   73
20   67.4  74.8   3:37pm  63.7   7:47am   33   35  0.00   3  20   8:46pm   S 29.99   84
21   65.5  69.5   4:46pm  63.3  10:54pm   35   33  0.02   1  13   3:08am   S 29.96   87
22   61.8  69.5   4:12pm  56.8  11:11am   38   30  0.00   2  17  10:30pm NNW 29.84   84
23   53.2  59.1  12:00am  45.5  11:59pm   47   21  1.13  12  42   1:39pm  NW 29.73   81
24   50.6  62.3   3:46pm  42.4   7:20am   49   19  0.00   8  30   8:48am  NW 30.15   54
25   54.5  66.9   2:40pm  45.4   3:01am   45   23  0.00   2  19   9:40am WSW 30.27   43
26   50.0  64.1   3:43pm  36.4   7:19am   50   18  0.00   2  13   9:34am   N 30.37   53
27   56.9  71.2   3:22pm  44.0   6:16am   43   25  0.00   2  18   1:07pm   S 30.21   69
28   62.9  75.7   3:34pm  54.7   3:58am   37   31  0.00   2  25  12:43pm   S 30.00   79
29   67.0  76.5   3:31pm  61.2   6:57am   33   35  0.00   2  21  11:58pm   S 29.99   78
---------------------------------------------------------------------------------------
TOT  57.7  82.1  2/11/16  30.2   2/4/16 1225  745  1.15   4  39  2/23/16  NW 30.10   61

HEAT BASE: 100.0
COOL BASE: 32.0