NOAA-Style Climate Reports

Select a Year or Month report
2019: Jan Feb Mar Apr May Jun Jul Aug Sep Oct Nov Dec
2018: Jan Feb Mar Apr May Jun Jul Aug Sep Oct Nov Dec
2017: Jan Feb Mar Apr May Jun Jul Aug Sep Oct Nov Dec
2016: Jan Feb Mar Apr May Jun Jul Aug Sep Oct Nov Dec
2015: Jan Feb Mar Apr May Jun Jul Aug Sep Oct Nov Dec
2014: Jan Feb Mar Apr May Jun Jul Aug Sep Oct Nov Dec
2013: Jan Feb Mar Apr May Jun Jul Aug Sep Oct Nov Dec
2012: Jan Feb Mar Apr May Jun Jul Aug Sep Oct Nov Dec
2011: Jan Feb Mar Apr May Jun Jul Aug Sep Oct Nov Dec
2010: Jan Feb Mar Apr May Jun Jul Aug Sep Oct Nov Dec
2009: Jan Feb Mar Apr May Jun Jul Aug Sep Oct Nov Dec
2008: Jan Feb Mar Apr May Jun Jul Aug Sep Oct Nov Dec
2007: Jan Feb Mar Apr May Jun Jul Aug Sep Oct Nov Dec
2006: Jan Feb Mar Apr May Jun Jul Aug Sep Oct Nov Dec
2005: Jan Feb Mar Apr May Jun Jul Aug Sep Oct Nov Dec
2004: Jan Feb Mar Apr May Jun Jul Aug Sep Oct Nov Dec
2003: Jan Feb Mar Apr May Jun Jul Aug Sep Oct Nov Dec
2002: Jan Feb Mar Apr May Jun Jul Aug Sep Oct Nov Dec

Report for 2015 October
                  MONTHLY CLIMATOLOGICAL SUMMARY FOR 10/2015
                                        HEAT  COOL        
     MEAN                               DEG   DEG       WIND SPEED       DOM MEAN  MEAN
DAY  TEMP  HIGH   TIME     LOW   TIME   DAYS  DAYS RAIN AVG  HI  TIME    DIR BAROM HUM
---------------------------------------------------------------------------------------
1    78.9  91.3   3:46pm  67.2   7:44am   21   47  0.00   1  17   3:53pm  NE 29.95   57
2    73.2  85.2   4:06pm  63.9   6:54am   27   41  0.00   1  16   2:10pm NNE 29.93   53
3    69.7  83.0   4:14pm  55.7   6:59am   30   38  0.00   1  11   9:34am ESE 29.84   43
4    70.7  83.5   4:37pm  57.9   6:30am   29   39  0.00   1  14   1:28pm NNW 29.91   49
5    72.4  81.6   2:46pm  65.3   7:34am   28   40  0.00   1  14   2:59pm NNW 29.99   53
6    72.5  87.2   4:14pm  59.5   7:24am   28   40  0.00   1  13   3:19pm   N 30.04   57
7    76.0  88.6   3:33pm  63.2   6:16am   24   44  0.00   1  14   5:21pm ESE 29.98   57
8    76.7  88.7   2:45pm  67.1   6:36am   23   45  0.00   2  16   1:23pm ESE 29.96   68
9    76.0  84.4   5:42pm  69.8   5:35am   24   44  0.00   1  11   1:37pm  NW 30.04   70
10   75.1  87.3   4:37pm  65.2   7:49am   25   43  0.00   1  12   2:53pm   N 30.08   65
11   79.1  93.9   3:47pm  67.1   7:52am   21   47  0.00   2  18   4:57pm  SW 29.90   59
12   82.3  97.9   4:33pm  71.2   7:25am   18   50  0.00   3  22   8:56am SSW 29.74   63
13   79.5  90.4   3:55pm  69.4  11:55pm   20   48  0.00   2  17   3:45am NNE 29.92   36
14   77.5  94.9   4:01pm  61.7   7:07am   23   45  0.00   2  14   2:18pm  SE 29.99   27
15   76.3  92.1   3:31pm  63.4   6:23am   24   44  0.00   2  19   1:59pm SSE 30.01   56
16   73.2  87.3   3:48pm  60.4   7:21am   27   41  0.00   1  18   2:28pm   E 30.11   61
17   71.9  84.8   4:01pm  60.2   7:54am   28   40  0.00   1  16   9:41am   E 30.18   50
18   68.2  81.5   4:11pm  53.9   7:38am   32   36  0.00   2  13   9:38am ESE 30.23   38
19   68.9  83.6   4:26pm  53.3   7:55am   31   37  0.00   2  15   2:36pm  SE 30.15   51
20   70.4  85.0   3:40pm  53.3   6:16am   30   38  0.00   3  18   3:10pm  SE 30.04   66
21   75.5  86.3   2:03pm  71.0   1:36am   25   43  0.03   4  21   5:03pm  SE 30.00   78
22   73.9  80.3   3:59pm  69.7   2:15am   26   42  0.00   3  22   3:34pm  SE 29.90   85
23   74.4  81.1   2:49pm  71.6   3:53am   26   42  0.02   3  22  11:09pm SSE 29.83   88
24   66.7  74.5  12:00am  59.5  11:57pm   33   35  4.07   7  26   5:44am   N 29.85   90
25   59.0  62.5   4:32pm  56.2   3:21am   41   27  0.51  10  27   2:28am NNW 29.98   89
26   64.5  75.5   4:09pm  55.9   7:47am   36   32  0.00   6  23  12:49pm NNW 29.94   76
27   66.9  82.5   4:15pm  54.9   7:37am   33   35  0.00   2  16  12:18pm WNW 29.82   67
28   69.6  70.7   6:15am  68.8   2:47am    9   11  1.00   6  28   6:55am ESE 29.75   87
29   66.6  79.5   3:00pm  53.1   8:00am   33   35  0.00   1  15   3:00pm  SE 29.85   66
30   70.5  74.2   4:06pm  66.2   9:31am   28   36  4.98   5  34   9:30am SSE 29.67   89
31   68.8  73.8   4:56pm  63.6  11:58pm   31   37  0.53   3  27   3:16am NNW 29.71   86
---------------------------------------------------------------------------------------
TOT  72.4  97.9 10/12/15  53.1 10/29/15  832 1224 10.14   3  34 10/30/15  SE 29.95   63

HEAT BASE: 100.0
COOL BASE: 32.0