NOAA-Style Climate Reports

Select a Year or Month report
2019: Jan Feb Mar Apr May Jun Jul Aug Sep Oct Nov Dec
2018: Jan Feb Mar Apr May Jun Jul Aug Sep Oct Nov Dec
2017: Jan Feb Mar Apr May Jun Jul Aug Sep Oct Nov Dec
2016: Jan Feb Mar Apr May Jun Jul Aug Sep Oct Nov Dec
2015: Jan Feb Mar Apr May Jun Jul Aug Sep Oct Nov Dec
2014: Jan Feb Mar Apr May Jun Jul Aug Sep Oct Nov Dec
2013: Jan Feb Mar Apr May Jun Jul Aug Sep Oct Nov Dec
2012: Jan Feb Mar Apr May Jun Jul Aug Sep Oct Nov Dec
2011: Jan Feb Mar Apr May Jun Jul Aug Sep Oct Nov Dec
2010: Jan Feb Mar Apr May Jun Jul Aug Sep Oct Nov Dec
2009: Jan Feb Mar Apr May Jun Jul Aug Sep Oct Nov Dec
2008: Jan Feb Mar Apr May Jun Jul Aug Sep Oct Nov Dec
2007: Jan Feb Mar Apr May Jun Jul Aug Sep Oct Nov Dec
2006: Jan Feb Mar Apr May Jun Jul Aug Sep Oct Nov Dec
2005: Jan Feb Mar Apr May Jun Jul Aug Sep Oct Nov Dec
2004: Jan Feb Mar Apr May Jun Jul Aug Sep Oct Nov Dec
2003: Jan Feb Mar Apr May Jun Jul Aug Sep Oct Nov Dec
2002: Jan Feb Mar Apr May Jun Jul Aug Sep Oct Nov Dec

Report for 2015 January
                  MONTHLY CLIMATOLOGICAL SUMMARY FOR 1/2015
                                        HEAT  COOL        
     MEAN                               DEG   DEG       WIND SPEED       DOM MEAN  MEAN
DAY  TEMP  HIGH   TIME     LOW   TIME   DAYS  DAYS RAIN AVG  HI  TIME    DIR BAROM HUM
---------------------------------------------------------------------------------------
1    36.0  38.2   9:33pm  33.3   7:05am   64    4  0.60   5  17  10:00pm   N 30.20   90
2    38.5  40.6   4:23pm  37.0   3:08am   61    7  0.32   5  24  11:03pm NNW 30.06   94
3    46.5  64.0   4:11pm  37.8   7:02am   54   14  0.58   3  22   8:36am WNW 29.96   80
4    41.8  47.6  12:55pm  32.9  11:57pm   58   10  0.00   7  27   8:52am NNW 30.40   69
5    37.5  54.0   3:12pm  26.7   7:35am   62    7  0.00   2  10   1:07am   N 30.55   67
6    52.0  70.9   3:14pm  36.6  12:55am   48   20  0.00   1  15   1:28pm WSW 30.34   53
7    43.0  49.3  12:00am  29.6  11:58pm   57   11  0.00   9  32   3:08pm NNW 30.51   62
8    29.0  34.8   3:26pm  21.6   7:47am   71    1  0.00   3  18  12:53am   N 30.51   54
9    35.3  36.9   4:38am  32.5   7:25pm   65    3  0.01   4  21  11:17am   N 30.44   73
10   32.6  34.4   1:20am  30.7   7:36am   67    1  0.48   1  10   5:41am   N 30.41   86
11   40.9  47.8   5:03pm  33.4  12:00am   59    9  0.12   1  11   9:54pm SSW 30.17   92
12   41.7  44.5  12:00am  38.4   5:30am   58   10  0.00   5  24   6:28pm   N 30.26   92
13   36.5  39.1  12:00am  33.7   7:46am   64    4  0.00   6  21   3:54am NNW 30.39   89
14   37.5  38.6   7:00pm  36.3   6:04am   62    6  0.02   2  14   5:26am   N 30.31   91
15   43.1  55.0   3:08pm  36.0   5:49am   57   11  0.00   4  20   2:21pm NNW 30.30   81
16   49.6  64.5   3:38pm  37.8   6:17am   50   18  0.00   1  12   1:56pm  SW 30.25   70
17   55.3  69.4   1:55pm  42.8   3:56am   45   23  0.00   3  20  11:21am  SW 30.05   63
18   55.3  71.0   2:10pm  42.6   7:49am   45   23  0.00   1  16   1:44am NNW 30.22   45
19   57.6  74.5   3:40pm  45.4   4:03am   42   26  0.00   3  20   8:43am  SW 29.99   61
20   62.9  81.4   2:47pm  49.1   7:53am   37   31  0.00   2  12   3:13am WNW 29.87   59
21   51.2  54.9  12:00am  46.5   5:52am   48   19  0.28   3  16   7:28pm NNW 30.00   90
22   44.8  52.2  12:00am  39.9  10:50pm   55   13  2.12   9  26   5:53am   N 30.05   93
23   40.3  46.9   4:30pm  36.1   8:50am   60    8  0.41   7  25  10:42am NNW 30.21   89
24   47.3  61.3   4:02pm  37.0   6:18am   53   15  0.00   4  21   7:10am WNW 30.15   69
25   54.9  68.0   2:42pm  44.4   7:54am   45   23  0.00   6  23   8:44am  NW 30.02   53
26   57.5  71.7   2:20pm  42.6   7:13am   42   26  0.00   3  19   1:41pm  NW 30.14   50
27   63.6  79.4   3:35pm  53.6   7:30am   36   32  0.00   5  26   8:23am WNW 30.05   45
28   65.0  80.4   1:31pm  54.5   7:47am   35   33  0.00   2  21  12:45pm  SW 30.03   45
29   62.6  75.5   3:00pm  54.7   7:28am   37   31  0.00   3  20   9:21pm   N 30.12   66
30   51.1  57.1   2:12pm  46.3   8:18am   49   19  0.00   3  19  12:00am NNE 30.30   62
31   52.4  60.6   8:24pm  47.4   8:12am   48   20  0.25   2  24   7:32pm ESE 29.99   87
---------------------------------------------------------------------------------------
TOT  47.2  81.4  1/20/15  21.6   1/8/15 1636  477  5.20   4  31   1/7/15 NNW 30.20   72

HEAT BASE: 100.0
COOL BASE: 32.0