NOAA-Style Climate Reports

Select a Year or Month report
2019: Jan Feb Mar Apr May Jun Jul Aug Sep Oct Nov Dec
2018: Jan Feb Mar Apr May Jun Jul Aug Sep Oct Nov Dec
2017: Jan Feb Mar Apr May Jun Jul Aug Sep Oct Nov Dec
2016: Jan Feb Mar Apr May Jun Jul Aug Sep Oct Nov Dec
2015: Jan Feb Mar Apr May Jun Jul Aug Sep Oct Nov Dec
2014: Jan Feb Mar Apr May Jun Jul Aug Sep Oct Nov Dec
2013: Jan Feb Mar Apr May Jun Jul Aug Sep Oct Nov Dec
2012: Jan Feb Mar Apr May Jun Jul Aug Sep Oct Nov Dec
2011: Jan Feb Mar Apr May Jun Jul Aug Sep Oct Nov Dec
2010: Jan Feb Mar Apr May Jun Jul Aug Sep Oct Nov Dec
2009: Jan Feb Mar Apr May Jun Jul Aug Sep Oct Nov Dec
2008: Jan Feb Mar Apr May Jun Jul Aug Sep Oct Nov Dec
2007: Jan Feb Mar Apr May Jun Jul Aug Sep Oct Nov Dec
2006: Jan Feb Mar Apr May Jun Jul Aug Sep Oct Nov Dec
2005: Jan Feb Mar Apr May Jun Jul Aug Sep Oct Nov Dec
2004: Jan Feb Mar Apr May Jun Jul Aug Sep Oct Nov Dec
2003: Jan Feb Mar Apr May Jun Jul Aug Sep Oct Nov Dec
2002: Jan Feb Mar Apr May Jun Jul Aug Sep Oct Nov Dec

Report for 2014 October
                  MONTHLY CLIMATOLOGICAL SUMMARY FOR 10/2014
                                        HEAT  COOL        
     MEAN                               DEG   DEG       WIND SPEED       DOM MEAN  MEAN
DAY  TEMP  HIGH   TIME     LOW   TIME   DAYS  DAYS RAIN AVG  HI  TIME    DIR BAROM HUM
---------------------------------------------------------------------------------------
1    79.9  90.7   3:48pm  72.7   6:57am   20   48  0.00   3  18   3:31pm   S 29.71   74
2    81.7  91.9   3:48pm  75.5  12:19am   18   50  0.00   4  26   2:02am   S 29.75   74
3    72.4  82.4   3:39pm  60.8   7:10am   28   40  0.00   5  20   1:27pm NNW 30.00   52
4    66.5  79.1   4:36pm  55.1   6:31am   33   35  0.00   2  13   9:05am NNE 30.03   59
5    72.6  85.6   3:49pm  62.5   5:12am   27   41  0.00   4  21   5:05pm   S 29.82   74
6    77.2  89.3   3:24pm  71.3  11:52pm   23   45  0.00   3  19   4:31pm SSE 29.78   77
7    79.5  91.9   3:41pm  71.1   1:40am   20   48  0.00   3  20   2:44pm   S 29.84   72
8    78.7  89.0   2:12pm  70.5   6:39am   21   47  0.00   4  19   1:54pm SSE 29.90   74
9    80.4  90.9   4:15pm  73.7  11:58pm   20   48  0.00   4  22  11:20am SSE 29.85   73
10   80.4  90.5   3:42pm  73.3  12:21am   20   48  0.00   5  22   9:38am   S 29.81   73
11   64.9  76.9  12:17am  58.5   9:57am   35   33  1.51   6  25   8:30am NNW 29.95   87
12   65.5  74.4  11:55pm  60.0   8:18am   35   33  0.02   1  23  11:17pm SSE 29.81   88
13   68.9  74.8  12:29am  55.3  11:58pm   31   37  0.06  11  41   9:40am  NW 29.74   69
14   63.6  76.2   4:12pm  54.5  12:10am   36   32  0.00   5  23   2:47pm  NW 30.03   51
15   70.6  85.9   3:49pm  57.5  12:22am   29   39  0.00   2  15  10:55am WSW 29.94   40
16   71.6  85.8   2:51pm  61.6   7:45am   28   40  0.00   3  21  10:15am WSW 29.85   45
17   72.2  86.3   3:29pm  62.3   7:00am   27   39  0.00   2  19  10:05am  SW 29.79   68
18   73.1  84.9   3:05pm  64.5   2:03am   27   41  0.00   1  12   1:40pm   E 29.92   75
19   70.2  79.6   3:32pm  62.8   6:41am   30   38  0.00   1  14   3:47pm ESE 29.97   78
20   69.6  80.5   2:13pm  60.2   7:56am   30   38  0.00   2  15   3:38pm ESE 29.95   76
21   67.9  79.9   3:24pm  58.2   7:41am   32   36  0.00   1  14  12:27pm   E 29.94   69
22   70.0  81.8   2:54pm  58.8   6:02am   30   38  0.00   2  18   2:10pm ESE 30.00   69
23   70.4  80.9   2:27pm  63.2   4:35am   30   38  0.03   1  10   1:46am ESE 30.02   74
24   70.2  84.8   3:12pm  58.7   6:50am   30   38  0.00   1  13   4:34pm ESE 30.03   72
25   73.3  87.5   3:48pm  63.6   2:46am   27   41  0.00   2  13  10:31am  SW 30.03   65
26   71.3  84.6   2:21pm  62.4   6:03am   29   39  0.00   2  18   1:00pm  SW 29.88   66
27   71.9  84.0   3:28pm  62.5  12:29am   28   40  0.00   3  21  10:06am   S 29.73   72
28   71.8  82.7   3:59pm  66.0   4:13am   28   40  0.00   1  16   2:44am SSW 29.86   79
29   69.3  77.7   4:21pm  62.0  11:53pm   31   37  0.00   1  11  12:36pm NNE 29.96   79
30   69.1  80.7   3:50pm  60.7   8:02am   31   37  0.00   1  10   1:25pm ESE 27.80   77
31   64.1  73.2   3:51pm  54.8  11:12pm   36   32  0.06   4  23   2:43pm NNW 30.07   63
---------------------------------------------------------------------------------------
TOT  71.9  91.9  10/2/14  54.5 10/14/14  870 1236  1.68   3  41 10/13/14   S 29.83   70

HEAT BASE: 100.0
COOL BASE: 32.0