NOAA-Style Climate Reports

Select a Year or Month report
2019: Jan Feb Mar Apr May Jun Jul Aug Sep Oct Nov Dec
2018: Jan Feb Mar Apr May Jun Jul Aug Sep Oct Nov Dec
2017: Jan Feb Mar Apr May Jun Jul Aug Sep Oct Nov Dec
2016: Jan Feb Mar Apr May Jun Jul Aug Sep Oct Nov Dec
2015: Jan Feb Mar Apr May Jun Jul Aug Sep Oct Nov Dec
2014: Jan Feb Mar Apr May Jun Jul Aug Sep Oct Nov Dec
2013: Jan Feb Mar Apr May Jun Jul Aug Sep Oct Nov Dec
2012: Jan Feb Mar Apr May Jun Jul Aug Sep Oct Nov Dec
2011: Jan Feb Mar Apr May Jun Jul Aug Sep Oct Nov Dec
2010: Jan Feb Mar Apr May Jun Jul Aug Sep Oct Nov Dec
2009: Jan Feb Mar Apr May Jun Jul Aug Sep Oct Nov Dec
2008: Jan Feb Mar Apr May Jun Jul Aug Sep Oct Nov Dec
2007: Jan Feb Mar Apr May Jun Jul Aug Sep Oct Nov Dec
2006: Jan Feb Mar Apr May Jun Jul Aug Sep Oct Nov Dec
2005: Jan Feb Mar Apr May Jun Jul Aug Sep Oct Nov Dec
2004: Jan Feb Mar Apr May Jun Jul Aug Sep Oct Nov Dec
2003: Jan Feb Mar Apr May Jun Jul Aug Sep Oct Nov Dec
2002: Jan Feb Mar Apr May Jun Jul Aug Sep Oct Nov Dec

Report for 2014 August
                  MONTHLY CLIMATOLOGICAL SUMMARY FOR 8/2014
                                        HEAT  COOL        
     MEAN                               DEG   DEG       WIND SPEED       DOM MEAN  MEAN
DAY  TEMP  HIGH   TIME     LOW   TIME   DAYS  DAYS RAIN AVG  HI  TIME    DIR BAROM HUM
---------------------------------------------------------------------------------------
1    78.3  88.0   2:51pm  71.0   7:38am   22   46  0.00   4  18   3:12pm NNW 29.92   66
2    75.8  87.5   4:03pm  65.4   6:06am   24   44  0.00   2  18   6:06pm   N 29.96   73
3    78.6  91.5   5:14pm  67.2   6:54am   21   47  0.00   2  22   1:23pm   N 29.95   68
4    80.4  92.3   3:28pm  69.6   6:25am   20   48  0.00   2  15   3:11pm ENE 29.93   69
5    83.4  95.9   3:54pm  71.1   7:02am   17   51  0.00   2  18   9:54pm ESE 29.94   63
6    84.5  96.3   5:38pm  72.5   7:19am   15   53  0.00   2  20   9:51pm SSE 29.90   63
7    86.9 100.6   3:21pm  74.6   6:32am   13   55  0.00   4  17  12:54pm   S 29.82   62
8    87.0 100.7   4:59pm  73.7   6:50am   13   55  0.00   3  18   9:23am   S 29.82   62
9    86.5  98.1   5:28pm  73.7   7:16am   13   55  0.00   3  19  12:59pm   S 29.86   60
10   87.0  99.9   3:38pm  74.4   7:13am   13   55  0.00   3  17   7:54pm SSE 29.90   61
11   81.8 100.2   3:11pm  73.8  11:57pm   18   50  0.06   2  31   4:51pm  NW 29.93   74
12   83.5  96.4   3:32pm  71.1   7:03am   16   52  0.00   2  15   3:14pm  NW 29.95   64
13   82.2  94.9   3:39pm  69.0   7:34am   18   50  0.00   2  17   5:19pm NNE 29.96   45
14   82.9  95.6   4:58pm  67.8   6:19am   17   51  0.00   1  18   1:58pm ESE 29.91   52
15   85.0  99.2   5:33pm  71.2   6:48am   15   53  0.00   2  16  10:36pm SSE 29.86   61
16   87.0 100.7   2:14pm  74.9   6:53am   13   55  0.00   3  20   9:53pm SSE 29.83   61
17   86.3  99.5   3:01pm  77.6   4:11am   14   54  0.00   4  18   5:12am   S 29.85   63
18   86.1  99.1   4:33pm  75.2   7:18am   14   54  0.00   4  21   7:27pm   S 29.82   64
19   83.9  93.6   4:44pm  74.1   7:02am   16   52  0.00   4  25   8:59pm SSE 29.81   63
20   85.8  98.8   5:04pm  76.0   3:42am   14   54  0.00   5  28   9:30pm SSE 29.84   64
21   87.2 100.3   4:43pm  77.7   6:49am   13   55  0.00   6  25   3:12pm SSE 29.91   62
22   87.3 100.2   3:30pm  76.6   7:10am   13   55  0.00   5  24   1:53am SSE 29.92   58
23   85.4  98.9   4:58pm  72.1   6:39am   15   53  0.00   3  18   4:29pm SSE 29.87   62
24   86.1  98.6   3:10pm  74.4   7:25am   14   54  0.00   2  18   3:09pm   S 29.83   61
25   86.8  99.6   3:44pm  73.2   7:04am   13   55  0.00   2  15   1:23pm ESE 29.84   57
26   85.1  98.8   4:37pm  72.6   7:14am   15   53  0.00   2  29   1:09pm   E 29.87   59
27   83.5  95.2   3:41pm  72.7   7:30am   16   52  0.00   2  20   3:05pm   E 29.90   61
28   82.0  95.7   2:40pm  70.5   6:37am   18   50  0.00   3  24   5:25pm  SE 29.82   69
29   80.6  95.6   4:01pm  72.9   9:11pm   19   49  0.24   3  26   5:14pm ESE 29.79   78
30   81.9  93.3   3:44pm  71.2   7:14am   18   50  0.00   2  17   7:49pm  SE 29.82   74
31   82.9  96.4   2:09pm  72.3   7:18am   17   51  0.00   4  22   4:00pm SSE 29.84   72
---------------------------------------------------------------------------------------
TOT  83.9 100.7   8/8/14  65.4   8/2/14  498 1610  0.30   3  31  8/11/14 SSE 29.88   63

HEAT BASE: 100.0
COOL BASE: 32.0