NOAA-Style Climate Reports

Select a Year or Month report
2019: Jan Feb Mar Apr May Jun Jul Aug Sep Oct Nov Dec
2018: Jan Feb Mar Apr May Jun Jul Aug Sep Oct Nov Dec
2017: Jan Feb Mar Apr May Jun Jul Aug Sep Oct Nov Dec
2016: Jan Feb Mar Apr May Jun Jul Aug Sep Oct Nov Dec
2015: Jan Feb Mar Apr May Jun Jul Aug Sep Oct Nov Dec
2014: Jan Feb Mar Apr May Jun Jul Aug Sep Oct Nov Dec
2013: Jan Feb Mar Apr May Jun Jul Aug Sep Oct Nov Dec
2012: Jan Feb Mar Apr May Jun Jul Aug Sep Oct Nov Dec
2011: Jan Feb Mar Apr May Jun Jul Aug Sep Oct Nov Dec
2010: Jan Feb Mar Apr May Jun Jul Aug Sep Oct Nov Dec
2009: Jan Feb Mar Apr May Jun Jul Aug Sep Oct Nov Dec
2008: Jan Feb Mar Apr May Jun Jul Aug Sep Oct Nov Dec
2007: Jan Feb Mar Apr May Jun Jul Aug Sep Oct Nov Dec
2006: Jan Feb Mar Apr May Jun Jul Aug Sep Oct Nov Dec
2005: Jan Feb Mar Apr May Jun Jul Aug Sep Oct Nov Dec
2004: Jan Feb Mar Apr May Jun Jul Aug Sep Oct Nov Dec
2003: Jan Feb Mar Apr May Jun Jul Aug Sep Oct Nov Dec
2002: Jan Feb Mar Apr May Jun Jul Aug Sep Oct Nov Dec

Report for 2014 April
                  MONTHLY CLIMATOLOGICAL SUMMARY FOR 4/2014
                                        HEAT  COOL        
     MEAN                               DEG   DEG       WIND SPEED       DOM MEAN  MEAN
DAY  TEMP  HIGH   TIME     LOW   TIME   DAYS  DAYS RAIN AVG  HI  TIME    DIR BAROM HUM
---------------------------------------------------------------------------------------
1    72.3  83.8   4:59pm  64.8  12:04am   28   40  0.00   6  26   8:41pm   S 29.83   79
2    73.3  80.4   6:00pm  68.4   5:21am   27   41  0.01   5  25  11:17am   S 29.72   83
3    73.3  81.0   5:51pm  68.6   7:53am   27   41  0.00   4  24  10:39am   S 29.67   84
4    61.7  70.1  12:09am  51.6   8:30am   38   29  0.00   7  28   8:52am   N 29.97   45
5    57.1  63.0   2:32pm  52.0   7:21am   43   25  0.00   2  19   6:06pm   E 29.95   55
6    53.3  58.4  12:18am  50.8   2:17pm   47   21  0.08   5  24  11:04pm   N 29.75   87
7    55.8  69.4   5:39pm  48.2   7:27pm   44   24  0.57   2  51   7:15pm NNW 29.86   81
8    59.5  73.4   5:25pm  47.1   7:16am   41   27  0.00   8  31  12:24pm NNW 30.09   58
9    65.9  82.8   4:08pm  50.6   7:10am   34   34  0.00   3  22  11:00am   S 30.12   46
10   69.7  84.9   3:37pm  56.4   4:46am   30   38  0.00   5  30  10:34am SSW 29.95   64
11   70.3  82.8   3:56pm  60.1   3:19am   30   38  0.00   5  26   9:15pm   S 29.90   72
12   71.8  83.2   3:05pm  64.2   6:24am   28   40  0.00   6  27   2:09pm   S 29.83   75
13   71.1  77.1   5:19pm  66.1   5:32am   29   39  0.00   3  25  12:17am   S 29.69   84
14   57.1  71.2   2:17am  42.9  10:28am   43   25  0.54  11  40   2:45pm   N 29.88   75
15   50.0  63.6   5:13pm  35.2   7:33am   50   18  0.00   3  18  10:58am   N 30.22   49
16   55.2  71.1   4:28pm  38.9   7:10am   45   23  0.00   4  26  11:29am   S 30.01   61
17   58.4  62.9  12:55pm  53.8   3:25am   42   26  0.15   2  13   8:33am  SE 30.01   90
18   64.3  74.9   5:57pm  58.1   3:49am   36   32  0.01   1  13  12:43pm ESE 30.11   81
19   65.8  76.9   3:30pm  54.6   4:36am   34   34  0.00   2  20  11:12am SSE 30.06   72
20   66.0  72.8   1:45pm  60.5   2:31am   34   34  0.00   3  19   1:22pm   S 30.03   83
21   71.1  83.2   4:29pm  63.6   1:30am   29   39  0.00   2  22   9:53pm SSW 29.94   78
22   72.2  83.1   5:01pm  61.6   6:46am   28   40  0.00   2  17  10:02am NNE 29.91   66
23   72.6  84.9   2:05pm  60.8   3:51am   27   41  0.00   4  24  10:32pm SSE 29.80   73
24   73.2  87.3   3:42pm  64.7   4:36am   27   41  0.00   3  22  12:09am   S 29.76   74
25   72.9  86.0   3:57pm  56.9   6:59am   27   41  0.00   3  19   6:17pm SSE 29.87   64
26   72.2  82.8   6:23pm  65.2   5:10am   28   40  0.00   5  23   9:33pm   S 29.69   82
27   79.7  94.3   4:53pm  71.3   7:41am   20   48  0.00   3  20  12:02am   S 29.47   67
28   78.4  90.9   5:14pm  66.0  11:56pm   22   46  0.00   5  26  11:03am  NW 29.55   26
29   71.3  80.4   4:01pm  63.7   9:53pm   29   39  0.00   8  28   8:04am   N 29.71   30
30   62.5  72.5   4:56pm  54.2   6:14am   38   30  0.00   6  29   9:53am   N 30.02   38
---------------------------------------------------------------------------------------
TOT  66.6  94.3  4/27/14  35.2  4/15/14 1001 1037  1.36   4  51   4/7/14   S 29.88   67

HEAT BASE: 100.0
COOL BASE: 32.0