NOAA-Style Climate Reports

Select a Year or Month report
2019: Jan Feb Mar Apr May Jun Jul Aug Sep Oct Nov Dec
2018: Jan Feb Mar Apr May Jun Jul Aug Sep Oct Nov Dec
2017: Jan Feb Mar Apr May Jun Jul Aug Sep Oct Nov Dec
2016: Jan Feb Mar Apr May Jun Jul Aug Sep Oct Nov Dec
2015: Jan Feb Mar Apr May Jun Jul Aug Sep Oct Nov Dec
2014: Jan Feb Mar Apr May Jun Jul Aug Sep Oct Nov Dec
2013: Jan Feb Mar Apr May Jun Jul Aug Sep Oct Nov Dec
2012: Jan Feb Mar Apr May Jun Jul Aug Sep Oct Nov Dec
2011: Jan Feb Mar Apr May Jun Jul Aug Sep Oct Nov Dec
2010: Jan Feb Mar Apr May Jun Jul Aug Sep Oct Nov Dec
2009: Jan Feb Mar Apr May Jun Jul Aug Sep Oct Nov Dec
2008: Jan Feb Mar Apr May Jun Jul Aug Sep Oct Nov Dec
2007: Jan Feb Mar Apr May Jun Jul Aug Sep Oct Nov Dec
2006: Jan Feb Mar Apr May Jun Jul Aug Sep Oct Nov Dec
2005: Jan Feb Mar Apr May Jun Jul Aug Sep Oct Nov Dec
2004: Jan Feb Mar Apr May Jun Jul Aug Sep Oct Nov Dec
2003: Jan Feb Mar Apr May Jun Jul Aug Sep Oct Nov Dec
2002: Jan Feb Mar Apr May Jun Jul Aug Sep Oct Nov Dec

Report for 2013 September
                  MONTHLY CLIMATOLOGICAL SUMMARY FOR 9/2013
                                        HEAT  COOL        
     MEAN                               DEG   DEG       WIND SPEED       DOM MEAN  MEAN
DAY  TEMP  HIGH   TIME     LOW   TIME   DAYS  DAYS RAIN AVG  HI  TIME    DIR BAROM HUM
---------------------------------------------------------------------------------------
1    86.1  99.8   3:44pm  72.1   7:28am   14   54  0.00   3  18   1:51pm SSW 29.79   57
2    85.3  99.0   5:34pm  73.6   7:33am   15   53  0.00   3  18   9:39am  SW 29.83   60
3    86.1  99.9   4:21pm  72.9   6:35am   14   54  0.00   2  14   4:05pm WSW 29.86   54
4    83.0  99.8   3:23pm  70.0   9:23pm   17   51  0.73   4  31   5:42pm  SW 29.91   66
5    80.8  94.6   5:03pm  69.5   2:30am   19   49  0.01   2  20   6:49pm   S 29.98   72
6    82.5  95.0   3:28pm  72.0   6:08am   17   51  0.00   3  19   3:50pm SSW 29.96   68
7    79.9  95.8   5:17pm  72.2   6:37am   20   48  0.01   3  33   5:20pm  SE 29.91   75
8    77.8  91.0   2:32pm  69.8   6:04am   22   46  0.01   3  19   2:06pm SSE 29.88   79
9    75.7  91.4   2:58pm  69.2   4:35am   24   44  0.20   2  26   4:43pm  SE 29.89   83
10   76.3  89.9   3:17pm  69.4   5:02am   24   44  0.02   3  25   3:57pm SSE 29.95   84
11   80.9  92.6   3:42pm  72.7   1:05am   19   49  0.00   4  18   4:34pm  SE 29.98   70
12   80.5  93.2   4:04pm  69.1   6:49am   20   48  0.00   2  16   1:35pm  SE 29.93   68
13   82.8  94.9   5:14pm  70.5   7:21am   17   51  0.00   3  20   4:38pm SSE 29.84   58
14   82.1  93.6   4:24pm  68.7   6:58am   18   50  0.00   4  18   1:33pm SSE 29.82   59
15   81.0  92.1   5:01pm  70.7   6:40am   19   49  0.00   3  16  11:40am  SE 29.89   69
16   79.4  90.6   1:14pm  73.4   3:17am   21   47  0.06   3  20  12:47pm  SE 29.94   77
17   78.5  89.7   4:53pm  71.3   5:08am   21   47  0.00   2  18   5:32pm  SE 29.94   80
18   80.7  93.8   3:50pm  71.6   6:14am   19   49  0.00   3  21   7:59pm SSE 29.89   72
19   79.4  89.0   4:52pm  74.5   2:33am   21   47  0.04   3  25   2:34pm SSE 29.82   80
20   73.3  77.7  11:50am  69.4   9:46pm   27   41  4.20   4  23   5:25pm NNE 29.75   95
21   71.5  82.4   3:46pm  61.2  11:46pm   28   40  0.02   8  26   6:59am NNE 29.82   71
22   69.3  82.4   4:13pm  56.4   7:20am   31   37  0.00   3  16   1:20pm   N 29.80   56
23   72.5  87.7   2:58pm  57.9   7:59am   27   41  0.00   1  11  12:54pm SSE 29.75   53
24   78.4  92.4   4:05pm  63.7   7:46am   22   46  0.00   3  16   2:06pm  NW 29.80   53
25   80.7  93.9   2:13pm  67.2   7:10am   19   49  0.00   2  13  12:19pm WSW 29.78   52
26   79.3  90.3   2:44pm  68.0   7:45am   21   47  0.00   5  20   4:00pm  SW 29.77   59
27   78.9  88.7   2:36pm  74.4   5:41am   21   47  0.03   5  20   3:53pm   S 29.80   84
28   79.3  91.8   2:42pm  73.7  11:59pm   21   47  0.31   5  21  10:36am   S 29.84   84
29   67.9  73.7  12:00am  63.3   8:43am   32   36  2.38   5  16  12:06am   N 29.93   92
30   72.3  87.3   4:12pm  59.1   7:49am   28   40  0.00   2  12   4:12pm  NW 29.83   69
---------------------------------------------------------------------------------------
TOT  78.7  99.9   9/3/13  56.4  9/22/13  638 1402  8.02   3  33   9/7/13 SSE 29.86   70

HEAT BASE: 100.0
COOL BASE: 32.0