NOAA-Style Climate Reports

Select a Year or Month report
2019: Jan Feb Mar Apr May Jun Jul Aug Sep Oct Nov Dec
2018: Jan Feb Mar Apr May Jun Jul Aug Sep Oct Nov Dec
2017: Jan Feb Mar Apr May Jun Jul Aug Sep Oct Nov Dec
2016: Jan Feb Mar Apr May Jun Jul Aug Sep Oct Nov Dec
2015: Jan Feb Mar Apr May Jun Jul Aug Sep Oct Nov Dec
2014: Jan Feb Mar Apr May Jun Jul Aug Sep Oct Nov Dec
2013: Jan Feb Mar Apr May Jun Jul Aug Sep Oct Nov Dec
2012: Jan Feb Mar Apr May Jun Jul Aug Sep Oct Nov Dec
2011: Jan Feb Mar Apr May Jun Jul Aug Sep Oct Nov Dec
2010: Jan Feb Mar Apr May Jun Jul Aug Sep Oct Nov Dec
2009: Jan Feb Mar Apr May Jun Jul Aug Sep Oct Nov Dec
2008: Jan Feb Mar Apr May Jun Jul Aug Sep Oct Nov Dec
2007: Jan Feb Mar Apr May Jun Jul Aug Sep Oct Nov Dec
2006: Jan Feb Mar Apr May Jun Jul Aug Sep Oct Nov Dec
2005: Jan Feb Mar Apr May Jun Jul Aug Sep Oct Nov Dec
2004: Jan Feb Mar Apr May Jun Jul Aug Sep Oct Nov Dec
2003: Jan Feb Mar Apr May Jun Jul Aug Sep Oct Nov Dec
2002: Jan Feb Mar Apr May Jun Jul Aug Sep Oct Nov Dec

Report for 2013 July
                  MONTHLY CLIMATOLOGICAL SUMMARY FOR 7/2013
                                        HEAT  COOL        
     MEAN                               DEG   DEG       WIND SPEED       DOM MEAN  MEAN
DAY  TEMP  HIGH   TIME     LOW   TIME   DAYS  DAYS RAIN AVG  HI  TIME    DIR BAROM HUM
---------------------------------------------------------------------------------------
1    78.6  88.5   3:07pm  66.6   6:56am   21   47  0.00   4  23   1:51pm  NE 29.90   48
2    77.4  90.3   4:25pm  63.9   6:49am   23   45  0.00   4  20   4:02pm NNW 29.96   47
3    80.2  91.9   3:28pm  65.2   7:05am   20   48  0.00   2  20   1:19pm  NE 29.92   38
4    80.8  94.1   1:33pm  66.6   6:41am   19   49  0.00   3  15   9:08am SSE 29.88   52
5    83.8  97.1   5:31pm  69.1   4:52am   16   52  0.00   4  21  10:11pm SSE 29.86   52
6    84.0  96.5   5:00pm  69.7   5:54am   16   52  0.00   4  21   2:15pm SSE 29.82   57
7    82.7  97.9   3:48pm  72.3   4:44am   17   51  0.02   4  34   6:28pm SSE 29.86   68
8    79.7  86.9   4:20pm  74.4   6:44am   20   48  0.17   3  18  12:05pm   S 29.98   76
9    84.6  97.7   4:51pm  73.0   6:54am   15   53  0.00   4  22   1:24pm   S 30.01   66
10   85.6  99.1   3:19pm  71.8   6:04am   14   54  0.00   4  19   1:59pm SSW 29.95   63
11   86.4  99.4   3:08pm  73.5   6:45am   13   54  0.00   4  19   5:36pm   S 29.88   57
12   87.3  99.6   2:01pm  73.1   6:56am   13   55  0.00   4  20   2:51pm  SW 29.84   53
13   88.4 101.1   3:35pm  73.8   7:00am   12   56  0.00   3  18   1:45pm  SE 29.83   47
14   81.9  96.7  11:58am  73.7   7:00am   18   50  0.05   3  24   1:27pm  SE 29.81   60
15   72.1  75.3  12:00am  69.7   7:18pm   28   40  0.47   4  18   9:31am ESE 29.89   92
16   77.5  89.6   2:40pm  70.3  12:00am   23   45  0.00   5  23   2:55pm  SE 30.00   80
17   74.3  85.5   1:17pm  70.0  11:28pm   25   42  1.54   2  24   4:10pm ESE 30.08   88
18   77.8  92.3   5:24pm  70.1  12:00am   22   46  0.00   2  19   6:12pm  SE 30.05   79
19   80.8  92.8   4:03pm  71.1   5:49am   19   49  0.01   3  26   8:16pm  SW 29.94   70
20   81.0  94.2   5:31pm  70.6   7:00am   19   49  0.00   3  22   8:24pm   S 29.87   71
21   81.2  95.1   2:33pm  72.0   6:34am   19   49  0.00   4  23   3:16pm   S 29.85   76
22   84.1  94.8   5:16pm  76.2   2:06am   16   52  0.00   5  21   4:59pm   S 29.88   71
23   84.8  96.3   5:35pm  75.0   6:52am   15   53  0.00   5  23   5:01pm   S 29.88   65
24   83.7  94.7   5:09pm  73.6   6:57am   16   52  0.00   3  20   9:11am SSW 29.86   69
25   85.0  96.9   5:20pm  73.6   7:00am   15   53  0.00   3  19  11:20pm   S 29.91   63
26   85.2  98.3   4:40pm  74.0   6:46am   15   53  0.00   4  26  10:52pm SSW 29.89   66
27   77.9  86.4   5:18pm  72.4  10:58pm   22   46  0.83   4  19   1:26am NNE 29.87   82
28   82.1  95.6   4:37pm  71.2   3:20am   18   50  0.00   3  25   4:42pm   S 29.85   70
29   84.8  96.6   5:31pm  75.4   7:00am   15   53  0.00   6  24   7:34pm   S 29.90   64
30   84.9  97.6   4:54pm  74.6   7:10am   15   53  0.00   5  20  12:38am   S 29.96   65
31   84.9  99.0   4:34pm  72.8   6:42am   15   53  0.00   3  16   3:29am  SW 29.95   60
---------------------------------------------------------------------------------------
TOT  82.1 101.1  7/13/13  63.9   7/2/13  556 1551  3.09   4  29   7/7/13   S 29.91   65

HEAT BASE: 100.0
COOL BASE: 32.0