NOAA-Style Climate Reports

Select a Year or Month report
2019: Jan Feb Mar Apr May Jun Jul Aug Sep Oct Nov Dec
2018: Jan Feb Mar Apr May Jun Jul Aug Sep Oct Nov Dec
2017: Jan Feb Mar Apr May Jun Jul Aug Sep Oct Nov Dec
2016: Jan Feb Mar Apr May Jun Jul Aug Sep Oct Nov Dec
2015: Jan Feb Mar Apr May Jun Jul Aug Sep Oct Nov Dec
2014: Jan Feb Mar Apr May Jun Jul Aug Sep Oct Nov Dec
2013: Jan Feb Mar Apr May Jun Jul Aug Sep Oct Nov Dec
2012: Jan Feb Mar Apr May Jun Jul Aug Sep Oct Nov Dec
2011: Jan Feb Mar Apr May Jun Jul Aug Sep Oct Nov Dec
2010: Jan Feb Mar Apr May Jun Jul Aug Sep Oct Nov Dec
2009: Jan Feb Mar Apr May Jun Jul Aug Sep Oct Nov Dec
2008: Jan Feb Mar Apr May Jun Jul Aug Sep Oct Nov Dec
2007: Jan Feb Mar Apr May Jun Jul Aug Sep Oct Nov Dec
2006: Jan Feb Mar Apr May Jun Jul Aug Sep Oct Nov Dec
2005: Jan Feb Mar Apr May Jun Jul Aug Sep Oct Nov Dec
2004: Jan Feb Mar Apr May Jun Jul Aug Sep Oct Nov Dec
2003: Jan Feb Mar Apr May Jun Jul Aug Sep Oct Nov Dec
2002: Jan Feb Mar Apr May Jun Jul Aug Sep Oct Nov Dec

Report for 2013 February
                  MONTHLY CLIMATOLOGICAL SUMMARY FOR 2/2013
                                        HEAT  COOL        
     MEAN                               DEG   DEG       WIND SPEED       DOM MEAN  MEAN
DAY  TEMP  HIGH   TIME     LOW   TIME   DAYS  DAYS RAIN AVG  HI  TIME    DIR BAROM HUM
---------------------------------------------------------------------------------------
1    56.5  70.5   3:26pm  42.9   7:52am   44   24  0.00   3  20   2:12pm   S 30.23   49
2    60.1  76.5   3:50pm  46.1   5:06am   40   28  0.00   3  20  10:17am  SW 30.18   65
3    58.6  71.1   3:19pm  45.1   6:57am   41   27  0.00   4  18   9:45pm SSE 30.18   51
4    62.4  74.3   2:39pm  56.7  12:52am   38   30  0.00   4  20   1:29pm  SW 29.86   79
5    63.4  77.8   3:39pm  50.8   7:18am   37   31  0.00   4  17   8:23am NNW 29.88   61
6    63.0  74.2   3:21pm  57.4   7:26am   37   31  0.05   4  15   5:06pm SSE 29.88   82
7    66.5  82.7   3:24pm  57.5   5:18am   34   34  0.01   6  27  11:56pm   N 29.89   68
8    56.5  67.7   3:59pm  47.0   7:24am   44   24  0.00   5  26   1:38am   N 30.10   49
9    57.3  66.5  11:54pm  51.6   1:58am   43   25  0.05   7  24  11:58pm SSE 29.91   90
10   60.3  67.1   5:08am  52.7   7:08am   40   28  0.05   6  31   5:39am   N 29.84   63
11   52.6  55.8   2:24pm  49.4  11:24pm   47   21  0.12   4  22   2:04pm ENE 29.98   78
12   56.7  69.3   5:11pm  47.8  11:58pm   43   25  0.04   6  24  11:36pm  NW 29.87   73
13   47.5  60.3   3:45pm  38.3   7:29am   52   16  0.00   8  28   3:43am   N 30.05   61
14   53.7  71.0   2:25pm  39.9   1:22am   46   22  0.00   3  17   1:26pm  SW 30.04   57
15   49.6  61.3   2:09pm  39.5  11:56pm   50   18  0.00   5  21   7:43pm   N 30.19   62
16   47.5  64.4   3:50pm  31.2   7:12am   52   16  0.00   4  19  10:28am  NW 30.32   48
17   56.9  69.9   3:25pm  44.7   3:29am   43   25  0.00   8  30   3:17pm  SW 30.07   49
18   66.1  80.1   4:14pm  55.9  11:59pm   34   34  0.00   9  29   1:44am SSW 29.87   57
19   56.1  67.2   3:23pm  41.3   7:41am   44   24  0.00   6  22   3:24pm  SE 30.12   40
20   55.6  64.0  11:59pm  51.4   8:20am   44   24  0.12   7  26  11:04pm  SE 29.87   76
21   64.9  76.1   3:57pm  52.4  11:27pm   35   33  0.02   8  35  10:00am  NW 29.68   54
22   48.9  57.9   4:16pm  42.2   8:51am   51   17  0.00   6  25   8:50am NNE 29.94   57
23   52.2  70.1   3:44pm  36.8   7:03am   48   20  0.00   4  23   1:32pm   N 29.95   51
24   57.2  73.0   2:42pm  40.2   7:08am   43   25  0.00   6  24   1:35pm SSE 29.76   69
25   54.6  62.2  11:54am  45.4  11:38pm   45   23  0.00  16  50   2:17pm  NW 29.63   56
26   50.9  67.3   3:45pm  38.6   6:49am   49   19  0.00   8  32  12:52am  NW 29.85   45
27   51.4  61.4   2:40pm  39.1  11:59pm   49   19  0.00   8  40   8:20am   N 30.04   42
28   47.2  60.1   3:35pm  37.3  12:44am   53   15  0.00   6  21  12:39pm   N 30.23   46
---------------------------------------------------------------------------------------
TOT  56.2  82.7   2/7/13  31.2  2/16/13 1226  678  0.46   6  50  2/25/13   N 29.98   60

HEAT BASE: 100.0
COOL BASE: 32.0