NOAA-Style Climate Reports

Select a Year or Month report
2019: Jan Feb Mar Apr May Jun Jul Aug Sep Oct Nov Dec
2018: Jan Feb Mar Apr May Jun Jul Aug Sep Oct Nov Dec
2017: Jan Feb Mar Apr May Jun Jul Aug Sep Oct Nov Dec
2016: Jan Feb Mar Apr May Jun Jul Aug Sep Oct Nov Dec
2015: Jan Feb Mar Apr May Jun Jul Aug Sep Oct Nov Dec
2014: Jan Feb Mar Apr May Jun Jul Aug Sep Oct Nov Dec
2013: Jan Feb Mar Apr May Jun Jul Aug Sep Oct Nov Dec
2012: Jan Feb Mar Apr May Jun Jul Aug Sep Oct Nov Dec
2011: Jan Feb Mar Apr May Jun Jul Aug Sep Oct Nov Dec
2010: Jan Feb Mar Apr May Jun Jul Aug Sep Oct Nov Dec
2009: Jan Feb Mar Apr May Jun Jul Aug Sep Oct Nov Dec
2008: Jan Feb Mar Apr May Jun Jul Aug Sep Oct Nov Dec
2007: Jan Feb Mar Apr May Jun Jul Aug Sep Oct Nov Dec
2006: Jan Feb Mar Apr May Jun Jul Aug Sep Oct Nov Dec
2005: Jan Feb Mar Apr May Jun Jul Aug Sep Oct Nov Dec
2004: Jan Feb Mar Apr May Jun Jul Aug Sep Oct Nov Dec
2003: Jan Feb Mar Apr May Jun Jul Aug Sep Oct Nov Dec
2002: Jan Feb Mar Apr May Jun Jul Aug Sep Oct Nov Dec

Report for 2012 August
                  MONTHLY CLIMATOLOGICAL SUMMARY FOR 8/2012
                                        HEAT  COOL        
     MEAN                               DEG   DEG       WIND SPEED       DOM MEAN  MEAN
DAY  TEMP  HIGH   TIME     LOW   TIME   DAYS  DAYS RAIN AVG  HI  TIME    DIR BAROM HUM
---------------------------------------------------------------------------------------
1    86.3 100.1   4:46pm  73.1   6:36am   14   54  0.00   4  17   1:24am   S 29.87   57
2    85.6  99.6   4:44pm  72.5   6:42am   14   54  0.00   5  20   4:28pm   S 29.80   58
3    84.8  98.6   4:34pm  72.5   6:48am   15   53  0.00   5  28   4:51pm   S 29.80   61
4    85.0  96.7   3:30pm  74.2   7:09am   15   53  0.00   6  23   3:12pm   S 29.87   63
5    82.4  94.8   2:46pm  71.9   7:17am   18   50  0.00   3  20   3:40pm   S 29.99   69
6    82.6  95.1   4:55pm  71.5   7:04am   17   51  0.00   3  13   3:58pm   S 29.98   65
7    87.1  99.0   4:55pm  75.8   7:09am   13   55  0.00   4  18   1:38pm SSE 29.88   58
8    86.2  97.9   4:26pm  73.5   6:50am   14   54  0.00   3  16   1:58pm   S 29.88   57
9    87.0 100.0   3:26pm  73.8   6:42am   13   55  0.00   3  15   8:55am   S 29.86   58
10   86.5 102.6   4:52pm  74.4   6:48am   14   55  0.00   4  18  11:58am  SW 29.81   57
11   86.5 101.3   4:30pm  72.4   6:00am   14   55  0.00   2  13   1:15pm  SE 29.83   53
12   87.0  99.6   4:06pm  74.7   7:05am   13   55  0.00   4  19   5:33pm   S 29.85   55
13   86.5 101.5   4:39pm  76.3   6:50am   14   55  0.00   5  19  10:45am  SW 29.89   60
14   87.6 100.1   4:04pm  74.3   7:11am   12   56  0.00   4  21   1:15pm   S 29.85   56
15   85.9  99.9   4:54pm  74.3   7:10am   14   54  0.00   5  23  12:13pm   S 29.81   58
16   85.9  98.7   5:09pm  75.4   4:40am   14   54  0.00   6  22   2:13pm   S 29.88   62
17   86.6  99.2   3:44pm  74.5   7:19am   13   55  0.00   4  17   1:18pm   S 29.87   61
18   82.2  94.2  12:05pm  72.0  11:59pm   18   50  0.03   4  22  11:36pm  SW 29.82   70
19   75.7  87.3   5:40pm  69.6   3:13am   24   44  0.11   3  19  12:20am  SE 29.86   83
20   81.5  94.7   2:30pm  69.5   4:17am   19   49  0.00   4  16   3:16pm  NW 29.87   62
21   77.9  92.4   2:17pm  70.1   5:52am   22   46  0.01   4  19   1:58pm ESE 29.91   63
22   78.7  90.8   4:19pm  69.6   1:22am   21   47  0.00   3  15   5:22pm   E 29.96   67
23   81.6  93.3   2:46pm  71.2   5:28am   18   50  0.00   4  17   4:47pm  SE 29.91   66
24   83.6  96.3   4:34pm  71.9   5:57am   16   52  0.00   4  21   9:02pm   S 29.82   65
25   83.6  97.4   3:55pm  74.3   7:06am   16   52  0.00   6  23   2:44pm   S 29.80   66
26   83.7  96.0   2:21pm  75.1   7:14am   16   52  0.00   5  21   2:55pm   S 29.89   69
27   83.7  96.9   2:49pm  71.8   7:26am   16   52  0.00   3  15   3:58pm  NE 29.92   62
28   83.8  95.8   3:19pm  74.0   7:18am   16   52  0.00   5  17   1:26pm NNW 29.83   62
29   85.2  94.3   2:16pm  76.1   5:53am   15   53  0.00   7  24  12:41pm   N 29.74   54
30   85.9  98.4   5:58pm  72.8   7:20am   14   54  0.00   6  22  12:45pm   N 29.69   43
31   85.7  99.5   5:12pm  77.1   3:54am   14   54  0.00   4  23   7:54pm   S 29.82   53
---------------------------------------------------------------------------------------
TOT  84.3 102.6  8/10/12  69.5  8/20/12  488 1620  0.15   4  27   8/3/12   S 29.86   61

HEAT BASE: 100.0
COOL BASE: 32.0