NOAA-Style Climate Reports

Select a Year or Month report
2019: Jan Feb Mar Apr May Jun Jul Aug Sep Oct Nov Dec
2018: Jan Feb Mar Apr May Jun Jul Aug Sep Oct Nov Dec
2017: Jan Feb Mar Apr May Jun Jul Aug Sep Oct Nov Dec
2016: Jan Feb Mar Apr May Jun Jul Aug Sep Oct Nov Dec
2015: Jan Feb Mar Apr May Jun Jul Aug Sep Oct Nov Dec
2014: Jan Feb Mar Apr May Jun Jul Aug Sep Oct Nov Dec
2013: Jan Feb Mar Apr May Jun Jul Aug Sep Oct Nov Dec
2012: Jan Feb Mar Apr May Jun Jul Aug Sep Oct Nov Dec
2011: Jan Feb Mar Apr May Jun Jul Aug Sep Oct Nov Dec
2010: Jan Feb Mar Apr May Jun Jul Aug Sep Oct Nov Dec
2009: Jan Feb Mar Apr May Jun Jul Aug Sep Oct Nov Dec
2008: Jan Feb Mar Apr May Jun Jul Aug Sep Oct Nov Dec
2007: Jan Feb Mar Apr May Jun Jul Aug Sep Oct Nov Dec
2006: Jan Feb Mar Apr May Jun Jul Aug Sep Oct Nov Dec
2005: Jan Feb Mar Apr May Jun Jul Aug Sep Oct Nov Dec
2004: Jan Feb Mar Apr May Jun Jul Aug Sep Oct Nov Dec
2003: Jan Feb Mar Apr May Jun Jul Aug Sep Oct Nov Dec
2002: Jan Feb Mar Apr May Jun Jul Aug Sep Oct Nov Dec

Report for 2012 July
                  MONTHLY CLIMATOLOGICAL SUMMARY FOR 7/2012
                                        HEAT  COOL        
     MEAN                               DEG   DEG       WIND SPEED       DOM MEAN  MEAN
DAY  TEMP  HIGH   TIME     LOW   TIME   DAYS  DAYS RAIN AVG  HI  TIME    DIR BAROM HUM
---------------------------------------------------------------------------------------
1    77.6  86.2   4:10pm  71.4   6:51am   22   46  0.17   5  20   2:51pm SSE 29.89   79
2    82.6  94.1   4:42pm  75.1   2:55am   17   51  0.00   7  23   1:49pm SSE 29.95   66
3    82.4  95.4   4:24pm  71.2   4:56am   18   50  0.00   5  23   6:50pm   S 29.92   67
4    84.2  95.8   3:55pm  74.3   5:12am   16   52  0.00   6  23   2:20pm   S 29.90   63
5    84.2  97.8   3:46pm  72.5   6:59am   16   52  0.00   5  25   7:25pm   S 29.92   64
6    84.4  97.2   3:40pm  72.2   6:57am   16   52  0.00   3  19   1:43pm SSE 29.93   60
7    85.4  99.4   4:48pm  74.2   7:00am   15   53  0.00   4  21   6:42pm  SW 29.93   59
8    81.4  95.3   4:23pm  73.9   7:09am   19   49  0.01   3  19   1:59pm   S 29.91   69
9    80.2  97.6   4:18pm  71.7   7:14pm   20   48  0.74   3  33   6:35pm  SW 29.88   77
10   76.2  88.5   4:11pm  71.1  10:59pm   24   44  0.33   2  16   9:23pm  SE 29.85   88
11   75.0  83.4  12:38pm  71.4   5:02am   25   42  1.28   2  15   1:42pm NNW 29.86   92
12   80.4  92.5   5:16pm  71.9   6:21am   19   48  0.00   3  17   8:19pm  NW 29.87   77
13   80.3  93.9   2:47pm  73.2  11:52pm   20   48  0.00   2  19   4:27pm SSE 29.88   76
14   79.9  92.0   2:19pm  71.8  11:55pm   20   48  0.04   2  15   9:34pm   S 29.90   78
15   75.9  91.8   4:03pm  67.8   9:33pm   24   44  2.27   4  28   6:13pm  SW 29.92   82
16   78.8  91.9   5:28pm  67.8  12:59am   21   47  0.01   4  18   6:45pm   S 29.91   78
17   80.0  90.5   1:30pm  72.8   3:08am   20   48  0.00   4  18   5:58pm   S 29.89   79
18   79.9  90.8   1:27pm  74.7  11:59pm   20   48  0.00   3  15   1:23pm   S 29.93   81
19   82.3  94.4   4:03pm  72.0   4:08am   18   50  0.00   3  15   8:57am  SW 30.00   73
20   84.4  96.5   4:33pm  74.0   6:32am   16   52  0.00   4  20   8:26am WSW 29.98   65
21   86.1  98.4   4:05pm  75.5   6:10am   14   54  0.00   4  18   7:01am  SW 29.90   59
22   83.1  95.8   3:16pm  73.5   4:23am   17   51  0.00   4  17   6:43pm   S 29.91   68
23   82.5  93.5   4:33pm  74.2   6:59am   18   50  0.00   5  22   5:25pm   S 29.98   70
24   83.2  94.7   4:46pm  74.4   5:56am   17   51  0.00   5  21   3:52pm   S 29.96   71
25   83.9  94.5   5:01pm  74.5   7:01am   16   52  0.00   6  25   5:42pm   S 29.87   69
26   83.3  94.4   4:58pm  74.8   5:14am   17   51  0.00   6  22   2:58pm   S 29.83   70
27   83.7  95.8   4:35pm  74.8   7:05am   16   52  0.00   4  17   1:58pm   S 29.93   70
28   84.0  97.1   4:11pm  72.4   6:39am   16   52  0.00   3  17   9:48am  SW 30.00   64
29   85.6  97.6   4:37pm  72.0   6:58am   14   54  0.00   3  17   4:48pm   S 29.96   60
30   85.0  97.1   4:17pm  71.9   6:49am   15   53  0.00   3  15   3:12pm  SW 29.91   60
31   86.4  99.1   3:00pm  73.5   6:56am   14   54  0.00   4  17   9:26am   S 29.89   61
---------------------------------------------------------------------------------------
TOT  82.0  99.4   7/7/12  67.8  7/15/12  557 1549  4.85   4  33   7/9/12   S 29.92   71

HEAT BASE: 100.0
COOL BASE: 32.0