NOAA-Style Climate Reports

Select a Year or Month report
2019: Jan Feb Mar Apr May Jun Jul Aug Sep Oct Nov Dec
2018: Jan Feb Mar Apr May Jun Jul Aug Sep Oct Nov Dec
2017: Jan Feb Mar Apr May Jun Jul Aug Sep Oct Nov Dec
2016: Jan Feb Mar Apr May Jun Jul Aug Sep Oct Nov Dec
2015: Jan Feb Mar Apr May Jun Jul Aug Sep Oct Nov Dec
2014: Jan Feb Mar Apr May Jun Jul Aug Sep Oct Nov Dec
2013: Jan Feb Mar Apr May Jun Jul Aug Sep Oct Nov Dec
2012: Jan Feb Mar Apr May Jun Jul Aug Sep Oct Nov Dec
2011: Jan Feb Mar Apr May Jun Jul Aug Sep Oct Nov Dec
2010: Jan Feb Mar Apr May Jun Jul Aug Sep Oct Nov Dec
2009: Jan Feb Mar Apr May Jun Jul Aug Sep Oct Nov Dec
2008: Jan Feb Mar Apr May Jun Jul Aug Sep Oct Nov Dec
2007: Jan Feb Mar Apr May Jun Jul Aug Sep Oct Nov Dec
2006: Jan Feb Mar Apr May Jun Jul Aug Sep Oct Nov Dec
2005: Jan Feb Mar Apr May Jun Jul Aug Sep Oct Nov Dec
2004: Jan Feb Mar Apr May Jun Jul Aug Sep Oct Nov Dec
2003: Jan Feb Mar Apr May Jun Jul Aug Sep Oct Nov Dec
2002: Jan Feb Mar Apr May Jun Jul Aug Sep Oct Nov Dec

Report for 2006 December
                  MONTHLY CLIMATOLOGICAL SUMMARY FOR 12/2006
                                        HEAT  COOL        
     MEAN                               DEG   DEG       WIND SPEED       DOM MEAN  MEAN
DAY  TEMP  HIGH   TIME     LOW   TIME   DAYS  DAYS RAIN AVG  HI  TIME    DIR BAROM HUM
---------------------------------------------------------------------------------------
1    41.6  58.7   1:45pm  27.8   7:25am   66   33  0.00   2  14  12:01am WNW 30.27   53
2    44.2  56.6   2:40pm  33.5   3:29am   87   33  0.00   1  10  12:45pm ESE 30.28   58
3    39.8  49.2   2:19pm  32.7  11:55pm   25    0  0.00   6  26   1:03pm   N 30.56   59
4    37.5  52.6   3:04pm  25.1   7:06am   53    0  0.00   1  10  12:21am  NW 30.60   52
5    48.2  60.1   3:07pm  35.3   6:33am   69    0  0.00   1  17   4:53pm SSE 30.32   50
6     0.0  55.7  12:00am  55.7  12:00am    0    0  0.00   0   7  12:00am ---  0.00    0
7    50.1  55.7  12:00am  36.9  11:57pm   15    0  0.00   6  22   7:19pm   N 30.44   53
8     0.0  38.8  12:00am  38.8  12:00am    0    0  0.00   0   0  12:00am ---  0.00    0
9     0.0  48.2  12:00am  48.2  12:00am    0    0  0.00   0   3  12:00am ---  0.00    0
10   52.8  60.5  11:54pm  46.4   2:30am   12    0  0.02   1  12   1:44am  SE 30.18   93
11   64.3  73.0   3:11pm  59.2   9:11pm    2    2  0.01   2  19  10:52am  SE 30.08   94
12   60.2  71.3   2:15pm  51.3   7:20am    8    3  0.01   5  27  12:58pm WNW 30.14   53
13   59.6  75.1   2:31pm  46.4   7:45am   16    5  0.00   0  12  12:01pm SSE 30.11   36
14   62.3  74.6   2:20pm  53.3   2:34am   20    7  0.00   1  14   9:42am WSW 29.98   81
15   66.4  76.3   2:22pm  60.4  12:09am   21    9  0.02   1  19  11:32am SSE 29.89   89
16    0.0  66.3  12:00am  66.3  12:00am    0    0  0.00   0  16  12:00am ---  0.00    0
17    0.0  66.3  12:00am  66.3  12:00am    0    0  0.00   0   4  12:00am ---  0.00    0
18   70.9  78.8   1:55pm  66.3  12:00am    0    6  0.01   2  14  10:24am  SE 30.07   88
19   70.5  72.0  11:39am  68.6  12:00am    0   11  0.03   2  18  11:01pm ESE 30.07  100
20   63.0  73.5   4:58am  49.9  11:59pm    5   14  0.05   3  21   9:03am NNW 29.90   89
21   53.0  63.4   3:25pm  44.3  11:54pm   17   14  0.00   1  14  12:40pm NNW 29.98   68
22    0.0  43.2  12:00am  43.2  12:00am    0    0  0.00   0   0  12:00am ---  0.00    0
23   45.8  51.3  11:17am  39.9   7:26am   19    0  1.37   4  24  11:25am NNW 30.14   81
24   50.1  51.9   3:00pm  48.8  11:54pm   34    0  0.60   5  22   6:17am NNW 30.03  100
25   46.2  53.1   3:04pm  36.2  11:57pm   53    0  0.02  10  35  11:33am  NW 30.10   67
26    0.0  42.9  12:00am  42.9  12:00am    0    0  0.00   0   0  12:00am ---  0.00    0
27    0.0  50.8  12:00am  50.8  12:00am    0    0  0.00   0   6  12:00am ---  0.00    0
28   62.6  71.6   1:42pm  50.7  12:09am    4    1  0.00   6  30   1:31pm  SE 29.80   89
29   65.5  74.9   1:38pm  54.2  11:59pm    6    4  0.36   5  26   5:40pm  SE 29.81  100
30    0.0  52.5  12:00am  52.5  12:00am    0    0  0.00   0   3  12:00am ---  0.00    0
31   49.4  58.0   2:31pm  39.6  11:59pm   16    0  0.01   5  30   3:22pm  NW 30.13   69
---------------------------------------------------------------------------------------
TOT  54.2  78.8 12/18/06  25.1  12/4/06  548  142  3.05   3  35 12/25/06  SE 30.13   71

HEAT BASE: 65.0
COOL BASE: 65.0