NOAA-Style Climate Reports

Select a Year or Month report
2019: Jan Feb Mar Apr May Jun Jul Aug Sep Oct Nov Dec
2018: Jan Feb Mar Apr May Jun Jul Aug Sep Oct Nov Dec
2017: Jan Feb Mar Apr May Jun Jul Aug Sep Oct Nov Dec
2016: Jan Feb Mar Apr May Jun Jul Aug Sep Oct Nov Dec
2015: Jan Feb Mar Apr May Jun Jul Aug Sep Oct Nov Dec
2014: Jan Feb Mar Apr May Jun Jul Aug Sep Oct Nov Dec
2013: Jan Feb Mar Apr May Jun Jul Aug Sep Oct Nov Dec
2012: Jan Feb Mar Apr May Jun Jul Aug Sep Oct Nov Dec
2011: Jan Feb Mar Apr May Jun Jul Aug Sep Oct Nov Dec
2010: Jan Feb Mar Apr May Jun Jul Aug Sep Oct Nov Dec
2009: Jan Feb Mar Apr May Jun Jul Aug Sep Oct Nov Dec
2008: Jan Feb Mar Apr May Jun Jul Aug Sep Oct Nov Dec
2007: Jan Feb Mar Apr May Jun Jul Aug Sep Oct Nov Dec
2006: Jan Feb Mar Apr May Jun Jul Aug Sep Oct Nov Dec
2005: Jan Feb Mar Apr May Jun Jul Aug Sep Oct Nov Dec
2004: Jan Feb Mar Apr May Jun Jul Aug Sep Oct Nov Dec
2003: Jan Feb Mar Apr May Jun Jul Aug Sep Oct Nov Dec
2002: Jan Feb Mar Apr May Jun Jul Aug Sep Oct Nov Dec

Report for 2005 December
                  MONTHLY CLIMATOLOGICAL SUMMARY FOR 12/2005
                                        HEAT  COOL        
     MEAN                               DEG   DEG       WIND SPEED       DOM MEAN  MEAN
DAY  TEMP  HIGH   TIME     LOW   TIME   DAYS  DAYS RAIN AVG  HI  TIME    DIR BAROM HUM
---------------------------------------------------------------------------------------
1    53.5  62.3   3:42pm  41.6  11:46pm   11    0  0.00   4  21   8:08am   N 30.11   48
2    55.1  72.3   3:06pm  37.8   4:58am   11    1  0.00   2  19   2:55pm SSE 29.98   60
3    69.1  80.7   2:47pm  62.9  12:00am    0    5  0.00   2  24   9:06am  SW 29.78   80
4    52.4  70.4   1:16am  40.5  11:59pm   13    1  0.00   7  24   7:39am   N 29.96   60
5    41.2  52.6   3:22pm  33.7  11:47pm   24    0  0.00   6  24  11:03am NNW 30.24   48
6    44.2  57.3   2:17pm  29.4  12:00am   21    0  0.00   1  19   2:22pm  SE 30.18   48
7    37.2  49.2  12:00am  25.3   8:20pm   28    0  0.02   7  31   6:27pm NNW 30.21   93
8    26.9  35.2   3:38pm  23.0   7:16am   36    0  0.00   8  26   3:33am   N 30.47   72
9    34.4  43.2   3:05pm  25.8   2:12am   31    0  0.00   2  12   5:01am   N 30.41   47
10   52.7  72.5   1:40pm  40.3  12:00am   13    1  0.00   1  18  10:36am   N 30.14   48
11   50.3  64.3   2:44pm  38.9  12:13am   15    0  0.00   2  12  10:49am NNW 30.20   36
12   56.9  70.3   3:43pm  48.2   7:30am    9    1  0.00   1  14  11:26am WSW 30.08   37
13   59.5  69.3   4:19pm  47.3  12:42am    6    1  0.00   1  19   3:56pm SSE 29.97   75
14   58.0  67.9  10:45am  40.3   3:11am    7    0  0.00   6  33  12:14pm NNW 29.86   80
15   44.7  55.7   2:24pm  34.4   7:45am   20    0  0.00   3  18  12:04pm NNW 30.13   40
16   42.2  46.7   1:18pm  38.5   9:26pm   23    0  0.00   0  10  11:42am   E 30.13   51
17   42.4  47.7   2:33pm  37.9   6:39am   23    0  0.00   0  13  11:28pm  NE 30.22   78
18   46.2  53.6   3:37pm  40.3   7:32am   19    0  0.00   1  12  12:07pm   N 30.43   79
19   47.7  56.7   2:11pm  41.5   8:28am   17    0  0.00   0  10   4:16am ESE 30.43   57
20   46.5  54.1   2:59pm  41.1   7:53pm   18    0  0.00   0  11   4:07pm  NE 30.32   63
21   43.6  56.3   3:22pm  33.5  12:00am   21    0  0.00   1  12   9:35am   N 30.35   68
22   48.4  64.2   2:26pm  35.6   5:15am   17    0  0.00   1  17  11:29am SSE 30.23   69
23   57.6  71.8   2:03pm  44.3   2:58am    9    1  0.00   2  24   1:19pm SSW 29.93   67
24   59.9  69.9   2:19pm  52.8  11:56pm    6    0  0.00   9  38   3:17pm  NW 29.93   41
25   57.9  73.7   3:41pm  43.2   6:50am    9    2  0.00   3  17  10:04am WNW 30.02   27
26   63.3  78.1   2:51pm  50.4   5:06am    5    3  0.00   2  25   1:13pm WSW 29.95   37
27   64.1  78.3   1:53pm  53.8   7:14am    4    3  0.00   2  13  12:53am WNW 29.83   61
28   59.5  71.1   3:03pm  50.8   3:32am    6    1  0.00   3  20   8:23am  NW 29.89   32
29   59.9  72.0   1:37pm  48.2   8:00am    6    1  0.00   1  17   2:28pm  SE 29.80   46
30   62.3  71.6   3:47pm  50.5  11:31pm    4    1  0.00   3  22   9:47am   N 29.80   57
31   60.7  77.7   2:20pm  45.7   5:59am    7    2  0.00   1  18   3:48pm SSE 29.82   46
---------------------------------------------------------------------------------------
TOT  51.6  80.7  12/3/05  23.0  12/8/05  437   24  0.02   3  38 12/24/05 SSE 30.09   56

HEAT BASE: 65.0
COOL BASE: 65.0