NOAA-Style Climate Reports

Select a Year or Month report
2019: Jan Feb Mar Apr May Jun Jul Aug Sep Oct Nov Dec
2018: Jan Feb Mar Apr May Jun Jul Aug Sep Oct Nov Dec
2017: Jan Feb Mar Apr May Jun Jul Aug Sep Oct Nov Dec
2016: Jan Feb Mar Apr May Jun Jul Aug Sep Oct Nov Dec
2015: Jan Feb Mar Apr May Jun Jul Aug Sep Oct Nov Dec
2014: Jan Feb Mar Apr May Jun Jul Aug Sep Oct Nov Dec
2013: Jan Feb Mar Apr May Jun Jul Aug Sep Oct Nov Dec
2012: Jan Feb Mar Apr May Jun Jul Aug Sep Oct Nov Dec
2011: Jan Feb Mar Apr May Jun Jul Aug Sep Oct Nov Dec
2010: Jan Feb Mar Apr May Jun Jul Aug Sep Oct Nov Dec
2009: Jan Feb Mar Apr May Jun Jul Aug Sep Oct Nov Dec
2008: Jan Feb Mar Apr May Jun Jul Aug Sep Oct Nov Dec
2007: Jan Feb Mar Apr May Jun Jul Aug Sep Oct Nov Dec
2006: Jan Feb Mar Apr May Jun Jul Aug Sep Oct Nov Dec
2005: Jan Feb Mar Apr May Jun Jul Aug Sep Oct Nov Dec
2004: Jan Feb Mar Apr May Jun Jul Aug Sep Oct Nov Dec
2003: Jan Feb Mar Apr May Jun Jul Aug Sep Oct Nov Dec
2002: Jan Feb Mar Apr May Jun Jul Aug Sep Oct Nov Dec

Report for 2005 August
                  MONTHLY CLIMATOLOGICAL SUMMARY FOR 8/2005
                                        HEAT  COOL        
     MEAN                               DEG   DEG       WIND SPEED       DOM MEAN  MEAN
DAY  TEMP  HIGH   TIME     LOW   TIME   DAYS  DAYS RAIN AVG  HI  TIME    DIR BAROM HUM
---------------------------------------------------------------------------------------
1    82.4  96.3   5:34pm  72.0   7:33am    0   17  0.00   2  14   9:25am  NW 29.96   57
2    84.1  96.6   5:12pm  72.1   6:10am    0   19  0.00   1  11   2:37pm  SE 29.92   63
3    84.0  94.9   4:34pm  73.9   5:29am    0   19  0.00   1  17   3:42pm  SE 29.89   66
4    81.8  95.4   5:29pm  72.0   6:40am    0   17  0.00   2  25   6:30pm  SE 29.94   74
5    76.1  89.3   6:09pm  69.8   9:44am    0   11  0.10   1  18   6:38pm   N 30.04   86
6    81.5  95.1   4:05pm  70.6   6:56am    0   16  0.00   1  11   6:37pm WNW 30.00   69
7    82.1  92.7   3:01pm  74.0   6:44am    0   17  0.03   1  12   9:49am WSW 29.95   70
8    80.2  96.8   3:39pm  72.0   8:08pm    0   15  0.00   1  30   7:02pm  SE 29.94   81
9    78.8  88.8   3:53pm  72.0  12:20am    0   14  0.00   1  14   1:44pm ESE 29.94   86
10   76.7  85.1   4:32pm  71.1  12:00am    0   11  0.76   1  13  10:30am  SE 29.92   93
11   81.3  92.5   2:59pm  74.0  12:00am    0   16  0.00   2  20   4:42pm  SE 29.92   77
12   83.2  93.6   4:27pm  76.5   5:19am    0   18  0.00   2  17  11:50am  SE 29.89   75
13   82.9  93.2   4:21pm  76.5   4:02am    0   18  0.00   2  16   2:19am SSE 29.85   77
14   82.9  95.4   4:22pm  77.4   6:07pm    0   18  0.00   2  21   5:37pm  SE 29.86   79
15   81.5  91.0   2:52pm  76.3   6:17am    0   16  0.00   1  17   3:11pm  SE 29.97   85
16   83.0  96.1   3:23pm  76.1   2:43am    0   18  0.00   1  17   5:31pm  SE 30.00   78
17   83.5  95.4   5:06pm  75.3   2:40am    0   18  0.00   1  14   8:26pm  SE 29.91   75
18   84.0  95.1   4:41pm  75.4   3:28am    0   19  0.00   1  19   7:13pm  SE 29.87   72
19   82.6  96.1   4:17pm  76.0  11:59pm    0   18  0.00   1  19   6:04pm  SE 29.91   77
20   83.7  96.1   3:48pm  74.2   1:17am    0   19  0.00   1  14   9:37am  SE 30.00   72
21   84.5  97.1   4:35pm  73.3   7:01am    0   19  0.00   0  12   3:31pm  SE 29.99   66
22   85.8  98.7   1:35pm  75.1   4:07am    0   21  0.00   1  12   3:03pm   W 29.88   63
23   86.2  99.0   4:08pm  75.6   6:48am    0   21  0.00   1  13   3:08pm  SE 29.81   62
24   85.0  97.1   3:51pm  73.9  12:00am    0   20  0.00   1  16   2:45pm  SE 29.84   67
25   85.2  96.8   3:51pm  74.7   6:11am    0   20  0.00   1  11  10:34am ESE 29.92   67
26   86.2  99.2   4:14pm  74.9   7:15am    0   21  0.00   0  11   2:15pm ESE 29.86   66
27   87.2  99.7   3:50pm  76.7   5:50am    0   22  0.00   1  26  11:34pm   E 29.76   61
28   80.7  92.7   3:27pm  72.7  12:00am    0   16  0.00   3  26   9:10am   N 29.72   71
29   81.6  92.5   4:32pm  73.2   6:22am    0   16  0.00   6  25   3:32pm NNW 29.66   68
30   82.9  96.8   4:02pm  69.8   7:05am    0   18  0.00   1  14   4:57pm  NW 29.73   57
31   86.1  99.2   2:43pm  74.4   5:58am    0   21  0.00   1  14   1:11pm ESE 29.78   54
---------------------------------------------------------------------------------------
TOT  82.8  99.7  8/27/05  69.8   8/5/05    0  551  0.89   1  26   8/8/05 ESE 29.89   71

HEAT BASE: 65.0
COOL BASE: 65.0