NOAA-Style Climate Reports

Select a Year or Month report
2019: Jan Feb Mar Apr May Jun Jul Aug Sep Oct Nov Dec
2018: Jan Feb Mar Apr May Jun Jul Aug Sep Oct Nov Dec
2017: Jan Feb Mar Apr May Jun Jul Aug Sep Oct Nov Dec
2016: Jan Feb Mar Apr May Jun Jul Aug Sep Oct Nov Dec
2015: Jan Feb Mar Apr May Jun Jul Aug Sep Oct Nov Dec
2014: Jan Feb Mar Apr May Jun Jul Aug Sep Oct Nov Dec
2013: Jan Feb Mar Apr May Jun Jul Aug Sep Oct Nov Dec
2012: Jan Feb Mar Apr May Jun Jul Aug Sep Oct Nov Dec
2011: Jan Feb Mar Apr May Jun Jul Aug Sep Oct Nov Dec
2010: Jan Feb Mar Apr May Jun Jul Aug Sep Oct Nov Dec
2009: Jan Feb Mar Apr May Jun Jul Aug Sep Oct Nov Dec
2008: Jan Feb Mar Apr May Jun Jul Aug Sep Oct Nov Dec
2007: Jan Feb Mar Apr May Jun Jul Aug Sep Oct Nov Dec
2006: Jan Feb Mar Apr May Jun Jul Aug Sep Oct Nov Dec
2005: Jan Feb Mar Apr May Jun Jul Aug Sep Oct Nov Dec
2004: Jan Feb Mar Apr May Jun Jul Aug Sep Oct Nov Dec
2003: Jan Feb Mar Apr May Jun Jul Aug Sep Oct Nov Dec
2002: Jan Feb Mar Apr May Jun Jul Aug Sep Oct Nov Dec

Report for 2005 May
                  MONTHLY CLIMATOLOGICAL SUMMARY FOR 5/2005
                                        HEAT  COOL        
     MEAN                               DEG   DEG       WIND SPEED       DOM MEAN  MEAN
DAY  TEMP  HIGH   TIME     LOW   TIME   DAYS  DAYS RAIN AVG  HI  TIME    DIR BAROM HUM
---------------------------------------------------------------------------------------
1    60.7  72.8   4:29pm  49.2   6:54am    6    2  0.00   2  17  10:46am ESE 30.11   60
2    61.7  72.7   3:45pm  50.1   6:02am    5    2  0.00   1  16  11:43pm ESE 30.09   69
3    62.2  74.0   3:12pm  52.5   5:23am    4    2  0.00   2  13   8:22am  SE 30.11   64
4    63.7  74.2   5:26pm  55.7   8:20am    4    2  0.05   2  14   1:28pm ESE 30.15   77
5    66.1  79.0   4:07pm  53.2   6:50am    3    4  0.00   2  17   4:56pm ESE 30.16   72
6    68.7  81.1   3:34pm  56.7   6:52am    2    6  0.00   4  21  10:49am  SE 30.05   66
7    69.9  79.9   3:29pm  62.7   3:18am    0    5  0.00   6  24  10:29am  SE 29.91   82
8    64.3  68.4   6:50am  59.8   8:39am    2    1  1.08   4  24   7:49am ESE 29.87   99
9    71.7  87.0   2:25pm  59.8  12:44am    1    8  0.02   3  16  10:06am  SE 29.87   89
10   74.4  84.1   5:02pm  67.4   3:00am    0    9  0.00   4  21  12:50pm  SE 29.86   86
11   72.6  82.0   4:04pm  66.6   5:44am    0    8  0.00   6  26   5:08pm  SE 29.85   86
12   73.2  80.7   2:41pm  68.1  12:59am    0    8  0.00   6  26  10:02pm  SE 29.90   90
13   73.7  83.0   2:35pm  67.4  12:00am    0    9  0.00   5  26  10:14am  SE 29.90   81
14   72.8  83.8   3:24pm  62.7   5:22am    0    8  0.31   2  21   5:01am   N 29.93   81
15   72.3  84.3   3:26pm  63.1   7:11am    0    7  0.00   2  14   9:43am ESE 29.95   65
16   67.7  76.5   1:08pm  60.4  11:58pm    1    3  0.00   2  17   7:54pm   E 29.91   72
17   69.9  83.0   5:03pm  57.2   4:49am    2    7  0.00   3  20   4:16pm  SE 29.82   80
18   74.6  84.5   4:06pm  67.3  12:55am    0   10  0.00   4  20  10:45am  SE 29.79   82
19   75.6  86.1   5:54pm  69.9   5:57am    0   11  0.00   2  16  12:02am SSE 29.84   81
20   78.3  90.7   3:50pm  68.3   6:53am    0   13  0.00   1  12   2:44am ESE 29.86   77
21   82.2  96.8   3:16pm  70.8   6:15am    0   17  0.00   1  11  12:44pm WSW 29.84   61
22   82.7  94.9   2:31pm  71.8   5:18am    0   18  0.00   2  16  12:53pm WSW 29.82   59
23   79.2  92.1   4:16pm  66.9   6:37am    0   14  0.00   2  17   3:35pm  SE 29.78   65
24   79.2  91.6   4:41pm  69.6   3:18am    0   14  0.00   2  18  11:37am SSE 29.73   71
25   79.3  92.3   2:22pm  68.3   3:36am    0   14  0.00   1  14   6:25pm  SE 29.75   73
26   75.5  83.2  11:49am  68.9  11:40pm    0   10  0.08   2  17   3:17pm   N 29.90   79
27   76.6  89.3   4:39pm  65.5   6:44am    0   12  0.00   1  11  12:11pm ESE 29.94   73
28   76.1  87.4   3:36pm  65.0   8:38am    0   11  0.00   2  17   7:19am  SE 29.82   82
29   71.6  84.0   2:41pm  64.3   1:03am    0    7  0.99   2  24  12:12am  SE 29.74   89
30   73.5  83.2   4:14pm  65.8  12:00am    0    8  0.00   2  14   2:59pm   N 29.74   85
31   76.3  89.7   3:51pm  68.1   3:59am    0   11  0.01   1  10  11:34am ESE 29.75   80
---------------------------------------------------------------------------------------
TOT  72.5  96.8  5/21/05  49.2   5/1/05   30  261  2.54   3  26  5/13/05 ESE 29.90   77

HEAT BASE: 65.0
COOL BASE: 65.0