NOAA-Style Climate Reports

Select a Year or Month report
2019: Jan Feb Mar Apr May Jun Jul Aug Sep Oct Nov Dec
2018: Jan Feb Mar Apr May Jun Jul Aug Sep Oct Nov Dec
2017: Jan Feb Mar Apr May Jun Jul Aug Sep Oct Nov Dec
2016: Jan Feb Mar Apr May Jun Jul Aug Sep Oct Nov Dec
2015: Jan Feb Mar Apr May Jun Jul Aug Sep Oct Nov Dec
2014: Jan Feb Mar Apr May Jun Jul Aug Sep Oct Nov Dec
2013: Jan Feb Mar Apr May Jun Jul Aug Sep Oct Nov Dec
2012: Jan Feb Mar Apr May Jun Jul Aug Sep Oct Nov Dec
2011: Jan Feb Mar Apr May Jun Jul Aug Sep Oct Nov Dec
2010: Jan Feb Mar Apr May Jun Jul Aug Sep Oct Nov Dec
2009: Jan Feb Mar Apr May Jun Jul Aug Sep Oct Nov Dec
2008: Jan Feb Mar Apr May Jun Jul Aug Sep Oct Nov Dec
2007: Jan Feb Mar Apr May Jun Jul Aug Sep Oct Nov Dec
2006: Jan Feb Mar Apr May Jun Jul Aug Sep Oct Nov Dec
2005: Jan Feb Mar Apr May Jun Jul Aug Sep Oct Nov Dec
2004: Jan Feb Mar Apr May Jun Jul Aug Sep Oct Nov Dec
2003: Jan Feb Mar Apr May Jun Jul Aug Sep Oct Nov Dec
2002: Jan Feb Mar Apr May Jun Jul Aug Sep Oct Nov Dec

Report for 2005 February
                  MONTHLY CLIMATOLOGICAL SUMMARY FOR 2/2005
                                        HEAT  COOL        
     MEAN                               DEG   DEG       WIND SPEED       DOM MEAN  MEAN
DAY  TEMP  HIGH   TIME     LOW   TIME   DAYS  DAYS RAIN AVG  HI  TIME    DIR BAROM HUM
---------------------------------------------------------------------------------------
1    40.5  42.1   3:45pm  38.5  11:47pm   24    0  0.29   8  24   3:25am   N 30.17  100
2    39.6  42.5   5:01pm  38.2  12:57am   25    0  0.00   8  26   9:43am NNW 30.30   84
3    42.8  51.6   3:25pm  36.2   2:35am   22    0  0.00   4  19   9:53am   N 30.42   76
4    45.3  56.2   2:01pm  37.2   5:04am   20    0  0.00   0  10  12:41pm  NW 30.39   76
5    49.5  56.9   1:20pm  40.6   6:51am   15    0  0.00   3  18  11:52pm  SE 30.16   80
6    58.1  66.4   4:32pm  52.0   1:38am    7    0  0.26   3  17  12:33am  SE 29.96   96
7    55.4  61.6   3:25am  48.8  11:27pm   10    0  0.22   2  12  11:02am   N 30.05   90
8    52.2  56.6   3:34pm  49.4   2:14am   13    0  0.02   1   8   8:02pm   N 30.02   98
9    48.7  53.8   2:45am  42.1  11:37pm   16    0  0.00   6  21   3:23pm   N 30.16   88
10   46.5  56.7   2:34pm  39.2   3:33am   18    0  0.00   2  16  12:21am   N 30.41   52
11   47.6  51.6   1:47pm  44.1   8:31am   17    0  0.04   0  10   1:50pm SSE 30.38   73
12   55.1  62.7   3:40pm  44.3   1:17am   10    0  0.04   3  22  12:23pm  SE 30.05   88
13   66.1  76.3   3:12pm  58.0   7:38am    2    3  0.09   5  24  12:36pm   W 29.82   70
14   65.2  79.6   2:39pm  53.2   5:25am    4    4  0.00   2  14   1:54pm  NW 29.97   49
15   66.6  82.0   3:52pm  55.4   7:56am    3    5  0.00   2  19  10:37am SSE 29.92   69
16   58.6  68.8   3:43pm  49.1  10:56pm    7    0  0.00   4  20   8:39am   N 30.02   72
17   52.2  61.0   2:01pm  47.0   8:48am   13    0  0.00   5  21   6:55am   N 30.21   57
18   48.5  53.5   3:54pm  42.9   5:09am   17    0  0.00   1  11   7:45am   N 30.27   78
19   55.8  63.1   8:49pm  49.5   7:54am    9    0  0.06   1  19  11:44pm  SE 30.12   97
20   66.0  70.4   3:29pm  60.9  11:32pm    1    2  0.00   2  21   2:24am SSE 29.98   96
21   66.9  80.7   2:07pm  57.8   3:12am    2    4  0.01   2  16   4:57pm  SE 29.98   90
22   66.2  74.6   3:21pm  61.5   1:30am    1    2  0.01   2  14   2:44pm  SE 29.99   91
23   66.2  74.7   3:51pm  62.1  10:23am    0    2  0.00   1  14   2:46am SSE 29.90   93
24   49.3  63.4  12:00am  44.8  12:00am   16    0  0.00   8  27   7:36am   N 30.03   95
25   47.7  56.2   4:10pm  42.5   7:11am   17    0  0.00   3  16  10:25am   N 30.14   79
26   45.0  48.0  12:00am  42.2   9:00pm   20    0  0.72   1  11  12:32pm   N 30.05   97
27   52.7  68.4   3:54pm  41.8   5:48am   13    0  0.00   3  18   9:53pm  NW 29.91   84
28   53.8  66.4   4:45pm  43.2   7:08am   11    0  0.03   3  17   2:46am NNW 30.02   74
---------------------------------------------------------------------------------------
TOT  53.9  82.0  2/15/05  36.2   2/3/05  332   21  1.79   3  27  2/24/05 NNW 30.10   82

HEAT BASE: 65.0
COOL BASE: 65.0