NOAA-Style Climate Reports

Select a Year or Month report
2019: Jan Feb Mar Apr May Jun Jul Aug Sep Oct Nov Dec
2018: Jan Feb Mar Apr May Jun Jul Aug Sep Oct Nov Dec
2017: Jan Feb Mar Apr May Jun Jul Aug Sep Oct Nov Dec
2016: Jan Feb Mar Apr May Jun Jul Aug Sep Oct Nov Dec
2015: Jan Feb Mar Apr May Jun Jul Aug Sep Oct Nov Dec
2014: Jan Feb Mar Apr May Jun Jul Aug Sep Oct Nov Dec
2013: Jan Feb Mar Apr May Jun Jul Aug Sep Oct Nov Dec
2012: Jan Feb Mar Apr May Jun Jul Aug Sep Oct Nov Dec
2011: Jan Feb Mar Apr May Jun Jul Aug Sep Oct Nov Dec
2010: Jan Feb Mar Apr May Jun Jul Aug Sep Oct Nov Dec
2009: Jan Feb Mar Apr May Jun Jul Aug Sep Oct Nov Dec
2008: Jan Feb Mar Apr May Jun Jul Aug Sep Oct Nov Dec
2007: Jan Feb Mar Apr May Jun Jul Aug Sep Oct Nov Dec
2006: Jan Feb Mar Apr May Jun Jul Aug Sep Oct Nov Dec
2005: Jan Feb Mar Apr May Jun Jul Aug Sep Oct Nov Dec
2004: Jan Feb Mar Apr May Jun Jul Aug Sep Oct Nov Dec
2003: Jan Feb Mar Apr May Jun Jul Aug Sep Oct Nov Dec
2002: Jan Feb Mar Apr May Jun Jul Aug Sep Oct Nov Dec

Report for 2004 March
                  MONTHLY CLIMATOLOGICAL SUMMARY FOR 3/2004
                                        HEAT  COOL        
     MEAN                               DEG   DEG       WIND SPEED       DOM MEAN  MEAN
DAY  TEMP  HIGH   TIME     LOW   TIME   DAYS  DAYS RAIN AVG  HI  TIME    DIR BAROM HUM
---------------------------------------------------------------------------------------
1    60.3  74.9   3:05pm  49.9   7:16am    6    2  0.00   3  16   3:18am SSE 29.97   52
2    58.7  64.5  11:56pm  53.6   2:16am    6    0  0.00   1  12  11:10pm NNW 30.01   89
3    68.0  72.1   2:46pm  64.5  12:00am    0    3  0.02   6  25  11:35pm  SE 29.91   92
4    63.0  69.3   2:15pm  54.2   3:20pm    3    1  0.00   5  30   2:28am  SE 29.73   98
5    63.0  75.6   2:55pm  53.3   6:55am    4    2  0.01   3  21   3:40pm WNW 29.89   53
6    61.3  76.3   3:58pm  47.3   7:28am    6    2  0.00   4  18  12:44am NNW 30.13   49
7    63.7  76.8   2:10pm  53.6  12:00am    4    3  0.00   6  24  10:32am   N 30.26   44
8    58.6  72.8   2:02pm  45.5  12:00am    8    1  0.00   2  14  10:03am   N 30.36   38
9    62.4  76.3   3:31pm  49.5   4:11am    6    3  0.00   4  21  11:41am   N 30.23   40
10   59.6  73.9   3:23pm  44.5   6:32am    7    2  0.00   4  22   1:29pm  SE 30.16   46
11   61.3  72.0   2:30pm  54.2   6:37am    5    1  0.00   2  14   3:14pm  SE 30.21   77
12   53.8  59.8  12:00am  50.8  11:00am   11    0  0.13   1  12   5:42pm   N 30.19   90
13   56.5  60.7  11:59pm  52.3   2:13am    8    0  0.38   3  21   2:09am  SE 30.09  100
14   61.9  71.1   1:08pm  56.6  10:05pm    3    0  0.01   2  18   2:32pm   N 30.14   94
15   63.4  77.4   3:29pm  56.6   3:38am    4    2  0.07   2  30  10:53pm NNW 30.04   81
16   62.2  73.0   4:04pm  53.8   4:12am    4    1  0.05   2  13  10:12am   W 30.02   83
17   66.8  80.9   4:01pm  53.5   6:25am    3    5  0.00   3  26   4:04pm SSE 29.93   80
18   67.7  73.3   1:04pm  62.3   3:40am    1    3  0.00   3  24  12:43am SSE 29.95   87
19   69.0  76.5   4:15pm  65.0   6:15am    0    4  0.03   3  20   5:08pm SSE 30.11   93
20   68.0  64.7  12:00am  64.2   6:42am    0    3  0.00   2  18   6:42am  SE 30.20   94
21   62.5  71.1   4:04pm  55.6  10:19pm    3    4  0.07   4  24   6:43am   N 30.31   62
22   60.6  72.3   1:44pm  51.3   6:37am    5    1  0.00   3  16   2:13pm ESE 30.26   49
23   59.8  70.9   1:29pm  49.5   3:59am    6    1  0.00   4  27   7:48pm  SE 30.19   79
24   64.9  69.3   5:02pm  60.5   1:40am    1    1  0.05   5  28  11:14pm SSE 30.08   90
25   68.5  78.1   2:50pm  64.2   4:23am    0    4  0.00   5  25  11:29pm SSE 30.10   86
26   69.0  76.5   3:01pm  65.5   2:54am    0    4  0.00   7  27   9:47pm  SE 30.10   86
27   69.3  78.1   3:18pm  65.0   4:41am    0    4  0.00   6  26   4:16am  SE 29.98   80
28   68.5  76.0   4:58pm  62.3  11:23pm    0    4  0.00   2  24  12:09am SSE 29.99   85
29   63.7  74.6   3:57pm  57.5  12:00am    3    2  0.01   3  19   3:24am   N 30.21   50
30   66.7  82.0   4:23pm  49.9   6:50am    4    5  0.00   3  21  12:26pm  NW 30.18   41
31   69.6  87.2   3:33pm  54.8   5:11am    3    7  0.00   2  20   5:34pm WSW 30.04   36
---------------------------------------------------------------------------------------
TOT  63.6  87.2  3/31/04  44.5  3/10/04  116   77  0.83   3  30  3/15/04  SW 30.10   72

HEAT BASE: 65.0
COOL BASE: 65.0