NOAA-Style Climate Reports

Select a Year or Month report
2019: Jan Feb Mar Apr May Jun Jul Aug Sep Oct Nov Dec
2018: Jan Feb Mar Apr May Jun Jul Aug Sep Oct Nov Dec
2017: Jan Feb Mar Apr May Jun Jul Aug Sep Oct Nov Dec
2016: Jan Feb Mar Apr May Jun Jul Aug Sep Oct Nov Dec
2015: Jan Feb Mar Apr May Jun Jul Aug Sep Oct Nov Dec
2014: Jan Feb Mar Apr May Jun Jul Aug Sep Oct Nov Dec
2013: Jan Feb Mar Apr May Jun Jul Aug Sep Oct Nov Dec
2012: Jan Feb Mar Apr May Jun Jul Aug Sep Oct Nov Dec
2011: Jan Feb Mar Apr May Jun Jul Aug Sep Oct Nov Dec
2010: Jan Feb Mar Apr May Jun Jul Aug Sep Oct Nov Dec
2009: Jan Feb Mar Apr May Jun Jul Aug Sep Oct Nov Dec
2008: Jan Feb Mar Apr May Jun Jul Aug Sep Oct Nov Dec
2007: Jan Feb Mar Apr May Jun Jul Aug Sep Oct Nov Dec
2006: Jan Feb Mar Apr May Jun Jul Aug Sep Oct Nov Dec
2005: Jan Feb Mar Apr May Jun Jul Aug Sep Oct Nov Dec
2004: Jan Feb Mar Apr May Jun Jul Aug Sep Oct Nov Dec
2003: Jan Feb Mar Apr May Jun Jul Aug Sep Oct Nov Dec
2002: Jan Feb Mar Apr May Jun Jul Aug Sep Oct Nov Dec

Report for 2003 September
                  MONTHLY CLIMATOLOGICAL SUMMARY FOR 9/2003
                                        HEAT  COOL        
     MEAN                               DEG   DEG       WIND SPEED       DOM MEAN  MEAN
DAY  TEMP  HIGH   TIME     LOW   TIME   DAYS  DAYS RAIN AVG  HI  TIME    DIR BAROM HUM
---------------------------------------------------------------------------------------
1    74.8  81.4   6:06pm  71.1   5:25am    0   10  0.25   4  16   2:09pm  NW 29.95   87
2    76.2  83.6  12:42pm  69.9   2:50am    0   11  0.00   1  12   1:24pm   N 30.00   77
3    79.2  89.3   1:58pm  73.2  12:00am    0   14  0.00   1  14   3:54pm   N 29.98   74
4    80.7  92.1   1:47pm  70.9   5:57am    0   16  0.00   2  21   3:23pm   N 29.98   67
5    78.9  87.6  12:54pm  72.3   7:25am    0   14  0.00   1  14   5:44pm   E 29.97   71
6    78.6  92.3   4:13pm  66.8   7:18am    0   14  0.00   1  12   1:58pm ESE 29.98   63
7    77.7  92.1   4:21pm  64.0   6:41am    0   13  0.00   1  13   2:37pm ESE 29.95   57
8    76.6  89.5   2:48pm  66.1   6:18am    0   12  0.00   1  13  10:55am  SE 29.92   66
9    79.3  94.5   4:05pm  66.8   6:34am    0   14  0.00   2  22   8:28pm  SE 29.92   68
10   79.8  94.9   2:23pm  73.9   5:53pm    0   14  0.45   3  22   5:42pm ESE 29.90   83
11   79.0  90.3   2:48pm  68.1  11:41pm    0   14  0.00   4  25   9:09pm   E 29.87   83
12   70.9  81.1   5:10pm  65.5   7:20am    0    6  0.00   2  19  12:31pm NNW 29.84   86
13   76.0  89.3   3:36pm  64.2   4:36am    0   11  0.01   2  17   2:38pm  SE 29.88   75
14   70.9  77.2   9:31am  64.8  11:08pm    0    6  0.00   3  29  11:00am   N 30.08   93
15   72.5  85.9   3:12pm  61.8   3:31am    1    8  0.00   2  13   8:47am NNW 30.13   76
16   75.7  87.6   3:51pm  67.3   6:20am    0   11  0.00   2  18   6:39pm  SE 30.01   81
17   74.9  84.9   4:29pm  68.3   4:24am    0   10  0.01   2  17   3:24pm  SE 29.94   86
18   73.5  80.5   5:00pm  67.4   9:50pm    0    9  0.02   3  19   3:41pm  SE 29.93   89
19   70.7  80.7   4:24pm  64.7   8:37am    0    6  0.00   3  17  10:10am   N 30.05   81
20   68.9  76.8   1:18pm  64.0   7:16am    0    4  0.00   1   8  10:27am ESE 30.02   87
21   67.7  70.8  12:26pm  63.9  11:48pm    0    3  0.34   2  12  12:19pm   N 29.94   96
22   71.9  85.9   2:57pm  61.8   6:54am    1    8  0.00   1  12   9:28am  NW 30.02   79
23   74.2  85.9   3:12pm  64.7   4:25am    0    9  0.00   1  12  12:32pm  SE 30.04   73
24   74.3  84.7   2:39pm  65.8   6:09am    0    9  0.00   1  16   3:20pm SSE 29.94   79
25   75.0  85.1   2:55pm  66.0   7:06am    0   10  0.00   1  14  12:37am ESE 29.94   76
26   70.9  78.3   4:44pm  66.3  11:21pm    0    6  0.02   1  12  11:58am SSE 29.84   84
27   75.5  88.6   4:47pm  64.8   7:25am    0   10  0.00   2  14   4:15pm   N 29.90   72
28   74.8  86.1   4:10pm  66.0  11:54pm    0   10  0.00   3  17   2:54pm   N 30.07   40
29   68.9  80.7   2:36pm  58.6  12:00am    1    5  0.00   2  14   9:37am ESE 30.16   47
30   67.0  82.0   3:29pm  55.3   7:09am    3    5  0.00   1  13  11:28am ESE 30.19   52
---------------------------------------------------------------------------------------
TOT  74.5  94.9  9/10/03  55.3  9/30/03    6  290  1.10   2  29  9/14/03 ESE 29.98   75

HEAT BASE: 65.0
COOL BASE: 65.0