NOAA-Style Climate Reports

Select a Year or Month report
2019: Jan Feb Mar Apr May Jun Jul Aug Sep Oct Nov Dec
2018: Jan Feb Mar Apr May Jun Jul Aug Sep Oct Nov Dec
2017: Jan Feb Mar Apr May Jun Jul Aug Sep Oct Nov Dec
2016: Jan Feb Mar Apr May Jun Jul Aug Sep Oct Nov Dec
2015: Jan Feb Mar Apr May Jun Jul Aug Sep Oct Nov Dec
2014: Jan Feb Mar Apr May Jun Jul Aug Sep Oct Nov Dec
2013: Jan Feb Mar Apr May Jun Jul Aug Sep Oct Nov Dec
2012: Jan Feb Mar Apr May Jun Jul Aug Sep Oct Nov Dec
2011: Jan Feb Mar Apr May Jun Jul Aug Sep Oct Nov Dec
2010: Jan Feb Mar Apr May Jun Jul Aug Sep Oct Nov Dec
2009: Jan Feb Mar Apr May Jun Jul Aug Sep Oct Nov Dec
2008: Jan Feb Mar Apr May Jun Jul Aug Sep Oct Nov Dec
2007: Jan Feb Mar Apr May Jun Jul Aug Sep Oct Nov Dec
2006: Jan Feb Mar Apr May Jun Jul Aug Sep Oct Nov Dec
2005: Jan Feb Mar Apr May Jun Jul Aug Sep Oct Nov Dec
2004: Jan Feb Mar Apr May Jun Jul Aug Sep Oct Nov Dec
2003: Jan Feb Mar Apr May Jun Jul Aug Sep Oct Nov Dec
2002: Jan Feb Mar Apr May Jun Jul Aug Sep Oct Nov Dec

Report for 2002 November
                  MONTHLY CLIMATOLOGICAL SUMMARY FOR 11/2002
                                        HEAT  COOL        
     MEAN                               DEG   DEG       WIND SPEED       DOM MEAN  MEAN
DAY  TEMP  HIGH   TIME     LOW   TIME   DAYS  DAYS RAIN AVG  HI  TIME    DIR BAROM HUM
---------------------------------------------------------------------------------------
1    53.9  59.9  12:07pm  48.0   6:35am   11    0  0.00   4  19  10:59am  NE 30.27   88
2    50.8  53.6  12:00am  49.5   4:32am   14    0  0.56   2  14   2:24am   N 30.17   95
3    53.4  56.2   3:36pm  51.4  12:00am   11    0  0.10   5  22  11:16pm   N 30.08   99
4    48.3  52.2  12:00am  46.0   7:51pm   17    0  0.79   7  21   1:44am NNW 30.04   98
5    55.7  73.3   2:52pm  45.5   1:47am   11    1  0.00   6  27   3:31pm  NW 29.99   71
6    54.2  67.4   2:43pm  40.5   6:12am   11    0  0.00   4  17  12:30pm  NW 30.33   51
7    57.0  70.9   1:53pm  48.6   6:14am    9    1  0.00   2  14   1:14pm NNW 30.27   53
8    61.8  74.0   2:43pm  47.3   1:30am    5    2  0.00   3  20   8:34am  SE 30.01   67
9    69.7  84.1   2:24pm  60.7   6:45am    1    5  0.00   3  20  10:28am NNW 29.77   76
10   71.3  86.7   2:14pm  61.2  11:33pm    0    7  0.00   3  22   3:13pm   N 29.72   66
11   60.5  70.3   1:38pm  53.6   5:12am    5    1  0.00   1  10   9:02am   N 29.94   60
12   54.9  65.5   2:13pm  46.7   4:55am   10    0  0.00   4  22  12:43pm  NE 30.36   58
13   55.0  66.8   1:59pm  43.1   6:43am   10    0  0.00   2  14  12:39pm SSE 30.32   57
14   61.5  75.4   3:32pm  47.3  12:45am    5    2  0.00   4  25  10:29am NNW 29.96   69
15   55.1  61.8  12:34pm  47.6   7:15am   10    0  0.00   7  25  10:02pm   N 30.03   59
16   51.3  60.5   3:25pm  43.6   6:36am   12    0  0.00   6  22   3:30pm WSW 30.30   61
17   54.6  68.4   2:03pm  44.2  12:00am   11    0  0.00   4  20   9:31am SSE 30.20   56
18   60.8  73.2   2:30pm  52.2  12:00am    6    1  0.00   4  29   9:22am NNW 30.13   60
19   57.5  71.3   1:59pm  45.4   7:01am    8    1  0.00   2  13   8:27am  NE 30.26   47
20   57.6  72.1   3:18pm  45.7   5:40am    7    1  0.00   4  19  10:30am  NW 30.18   45
21   58.5  71.6   3:36pm  45.8   6:08am    7    1  0.00   5  19  12:08pm WNW 30.20   44
22   56.9  68.1   2:31pm  48.3   7:25am    7    0  0.00   2  14   9:29am   E 30.24   45
23   57.4  72.0   2:21pm  45.5   7:05am    9    1  0.00   2  14  12:13pm SSE 30.18   47
24   60.3  72.8   2:25pm  51.0   5:37am    5    2  0.00   2  24   1:17pm WSW 30.04   83
25   51.5  58.9   3:15am  44.6  12:00am   13    0  0.00   7  25   9:55am   N 30.17   70
26   39.2  44.6  12:00am  36.8   5:02am   26    0  0.81   8  21   7:42am   N 30.33   87
27   40.5  45.7   2:52pm  36.5  12:00am   24    0  0.00   5  20   7:36am  NE 30.44   57
28   44.7  60.7   3:38pm  32.2   7:11am   20    0  0.00   2  13  11:14am WSW 30.45   60
29   52.8  60.5   1:54pm  43.5  12:36am   12    0  0.00   2  16   1:54pm WSW 30.22   50
30   55.1  65.2   3:25pm  46.7  12:00am   10    0  0.00   5  24  10:43am   N 30.18   57
---------------------------------------------------------------------------------------
TOT  55.4  86.7 11/10/02  32.2 11/28/02  308   28  2.26   4  28 11/18/02   N 30.16   64

HEAT BASE: 65.0
COOL BASE: 65.0