NOAA-Style Climate Reports

Select a Year or Month report
2019: Jan Feb Mar Apr May Jun Jul Aug Sep Oct Nov Dec
2018: Jan Feb Mar Apr May Jun Jul Aug Sep Oct Nov Dec
2017: Jan Feb Mar Apr May Jun Jul Aug Sep Oct Nov Dec
2016: Jan Feb Mar Apr May Jun Jul Aug Sep Oct Nov Dec
2015: Jan Feb Mar Apr May Jun Jul Aug Sep Oct Nov Dec
2014: Jan Feb Mar Apr May Jun Jul Aug Sep Oct Nov Dec
2013: Jan Feb Mar Apr May Jun Jul Aug Sep Oct Nov Dec
2012: Jan Feb Mar Apr May Jun Jul Aug Sep Oct Nov Dec
2011: Jan Feb Mar Apr May Jun Jul Aug Sep Oct Nov Dec
2010: Jan Feb Mar Apr May Jun Jul Aug Sep Oct Nov Dec
2009: Jan Feb Mar Apr May Jun Jul Aug Sep Oct Nov Dec
2008: Jan Feb Mar Apr May Jun Jul Aug Sep Oct Nov Dec
2007: Jan Feb Mar Apr May Jun Jul Aug Sep Oct Nov Dec
2006: Jan Feb Mar Apr May Jun Jul Aug Sep Oct Nov Dec
2005: Jan Feb Mar Apr May Jun Jul Aug Sep Oct Nov Dec
2004: Jan Feb Mar Apr May Jun Jul Aug Sep Oct Nov Dec
2003: Jan Feb Mar Apr May Jun Jul Aug Sep Oct Nov Dec
2002: Jan Feb Mar Apr May Jun Jul Aug Sep Oct Nov Dec

Report for 2002 October
                  MONTHLY CLIMATOLOGICAL SUMMARY FOR 10/2002
                                        HEAT  COOL        
     MEAN                               DEG   DEG       WIND SPEED       DOM MEAN  MEAN
DAY  TEMP  HIGH   TIME     LOW   TIME   DAYS  DAYS RAIN AVG  HI  TIME    DIR BAROM HUM
---------------------------------------------------------------------------------------
1    78.2  88.4   2:30pm  70.1  12:47am    0   13  0.02   4  21  10:07pm  SE 29.94   83
2    78.5  88.4   4:22pm  73.0   4:20am    0   13  0.00   3  17  12:25pm  SE 29.91   79
3    79.1  91.8   3:13pm  69.9   7:28am    0   14  0.00   1  10   1:43pm WSW 29.80   75
4    80.1  91.6   3:41pm  71.8   7:13am    0   15  0.00   1  14  11:24am   N 29.88   70
5    77.2  88.6   5:21pm  68.4   8:12am    0   12  0.00   2  13   9:16am  SE 30.05   51
6    79.2  90.7   4:29pm  70.6  12:47am    0   14  0.00   2  16   5:38am  NW 30.02   77
7    73.5  84.3   4:36pm  66.6   7:01am    0    8  0.15   3  20   5:38pm   E 30.04   84
8    70.2  76.0   2:15pm  68.1   1:05am    0    5  0.44   2  12  10:52am  SE 29.95   97
9    70.3  81.2   4:01pm  64.0  11:54pm    0    5  0.52   2  17   9:25am   N 29.94   86
10   65.5  71.1   2:19pm  58.6  11:50pm    1    1  0.00   3  17   4:47pm   N 30.04   84
11   67.7  81.8   4:51pm  56.9   2:47am    2    5  0.00   1  14   1:06pm WNW 30.07   81
12   73.1  85.5   3:17pm  62.9   3:05am    0    8  0.00   2  16   1:17pm SSW 30.06   79
13   61.6  71.6  12:00am  57.2  10:53pm    4    1  0.00   8  24   9:13am   N 30.30   74
14   55.1  57.5   1:26am  50.7  10:57am    8    0  0.08   3  13  11:25am   N 30.18   84
15   59.7  70.6   4:27pm  53.1  12:00am    5    1  0.00   3  18   4:13pm  NE 30.07   71
16   60.2  74.9   3:16pm  48.5  12:00am    7    2  0.00   1  10   1:57pm SSW 30.02   56
17   64.9  76.7   4:16pm  53.1   1:07am    4    4  0.00   2  16   4:49pm  SE 30.04   64
18   66.9  74.6   3:16pm  58.6   5:41am    2    4  0.00   3  27   1:37pm  SE 29.94   90
19   64.3  72.5   4:35am  59.2  11:55pm    2    1  2.08   2  26   4:50am   E 29.93   95
20   63.7  72.0   3:30pm  57.6  11:13pm    2    1  0.01   2  18   4:01pm   E 30.01   90
21   60.8  64.8   4:57pm  57.6  12:08am    4    0  0.02   1  14  11:29am  SE 30.02   96
22   64.4  68.6  11:21am  61.6   1:35am    1    0  0.64   2  13   6:24pm ESE 30.04   96
23   65.2  72.7   2:13pm  61.6  10:06pm    1    1  0.30   2  21   5:18am  SE 30.06   93
24   64.7  68.9   5:19pm  62.3  12:00am    1    1  1.41   2  20   6:58am   E 30.00   97
25   56.4  64.3  12:00am  52.9   9:38am    7    0  0.03   6  20  10:38am   N 29.99   99
26   54.3  56.2  11:27pm  52.0   8:43am   11    0  0.03   5  16   8:39am   N 30.02   99
27   61.2  65.5   3:00pm  56.0  12:00am    4    0  0.03   3  12  11:24am  NE 29.94   99
28   63.6  66.1   4:28pm  59.2  11:44pm    2    0  0.03   2  16  11:59pm WNW 29.85   99
29   62.2  78.5   2:28pm  52.6  12:00am    5    2  0.01   3  20  12:06am   S 29.85   81
30   63.3  77.9  10:52am  55.7  11:55pm    4    3  0.00   4  21   4:11pm   N 30.02   78
31   53.4  58.4   3:35pm  48.8   7:23am   11    0  0.00   5  19   1:56am NNE 30.22   83
---------------------------------------------------------------------------------------
TOT  66.4  91.8  10/3/02  48.5 10/16/02   87  135  5.80   3  26 10/19/02 NNE 30.00   84

HEAT BASE: 65.0
COOL BASE: 65.0