NOAA-Style Climate Reports

Select a Year or Month report
2019: Jan Feb Mar Apr May Jun Jul Aug Sep Oct Nov Dec
2018: Jan Feb Mar Apr May Jun Jul Aug Sep Oct Nov Dec
2017: Jan Feb Mar Apr May Jun Jul Aug Sep Oct Nov Dec
2016: Jan Feb Mar Apr May Jun Jul Aug Sep Oct Nov Dec
2015: Jan Feb Mar Apr May Jun Jul Aug Sep Oct Nov Dec
2014: Jan Feb Mar Apr May Jun Jul Aug Sep Oct Nov Dec
2013: Jan Feb Mar Apr May Jun Jul Aug Sep Oct Nov Dec
2012: Jan Feb Mar Apr May Jun Jul Aug Sep Oct Nov Dec
2011: Jan Feb Mar Apr May Jun Jul Aug Sep Oct Nov Dec
2010: Jan Feb Mar Apr May Jun Jul Aug Sep Oct Nov Dec
2009: Jan Feb Mar Apr May Jun Jul Aug Sep Oct Nov Dec
2008: Jan Feb Mar Apr May Jun Jul Aug Sep Oct Nov Dec
2007: Jan Feb Mar Apr May Jun Jul Aug Sep Oct Nov Dec
2006: Jan Feb Mar Apr May Jun Jul Aug Sep Oct Nov Dec
2005: Jan Feb Mar Apr May Jun Jul Aug Sep Oct Nov Dec
2004: Jan Feb Mar Apr May Jun Jul Aug Sep Oct Nov Dec
2003: Jan Feb Mar Apr May Jun Jul Aug Sep Oct Nov Dec
2002: Jan Feb Mar Apr May Jun Jul Aug Sep Oct Nov Dec

Report for 2002 September
                  MONTHLY CLIMATOLOGICAL SUMMARY FOR 9/2002
                                        HEAT  COOL        
     MEAN                               DEG   DEG       WIND SPEED       DOM MEAN  MEAN
DAY  TEMP  HIGH   TIME     LOW   TIME   DAYS  DAYS RAIN AVG  HI  TIME    DIR BAROM HUM
---------------------------------------------------------------------------------------
1    82.5  94.7   3:32pm  71.6   6:44am    0   17  0.00   1  14   1:18pm SSE 30.03   65
2    81.9  94.9   4:41pm  72.3   7:08am    0   16  0.00   1  14   6:17pm   E 29.95   67
3    82.0  94.0   4:00pm  73.0   7:09am    0   16  0.00   2  16   6:58pm ESE 29.96   67
4    80.8  92.7   4:01pm  71.5  12:00am    0   15  0.00   3  18   4:03pm ESE 30.01   71
5    80.3  92.1   5:11pm  70.6   7:04am    0   15  0.00   2  17  11:43am ESE 29.96   66
6    79.4  94.7   2:31pm  70.6   5:01am    0   14  0.00   3  19   5:33pm  NE 29.87   66
7    73.1  78.5   4:30pm  69.8   4:31am    0    8  1.39   6  28   9:10am ESE 29.80   94
8    74.3  79.2   3:36pm  71.1   8:56am    0    8  1.02   3  18   8:24am   E 29.89   96
9    75.7  84.1   2:17pm  72.1  11:40pm    0   11  0.02   3  18  11:49am  NE 29.93   91
10   77.8  89.0   4:41pm  69.6   6:55am    0   11  0.00   2  19   3:31pm   N 29.94   76
11   79.6  91.8   2:27pm  69.3   6:58am    0   12  0.00   2  12  12:06pm  SE 29.94   64
12   80.1  93.4   3:39pm  69.9   7:11am    0   14  0.00   1  10   4:15pm  NE 29.92   62
13   80.9  91.4   1:36pm  70.8  12:00am    0   16  0.00   1  12   2:19pm  SW 29.86   59
14   79.6  92.7   2:58pm  70.3   7:12am    0   15  0.00   2  16  11:24am   W 29.88   61
15   72.4  77.7   3:53pm  68.9   7:39am    0    7  0.01   1  11  12:56pm  SE 30.05   82
16   71.2  75.3   3:22pm  68.4   2:08am    0    6  0.01   1   8   6:15am SSW 30.06   91
17   75.4  85.1   4:49pm  68.6   7:21am    0   10  0.00   1  13   1:24pm ESE 29.94   87
18   79.4  88.2   4:01pm  73.7  12:38am    0   14  0.00   4  19  10:46am SSE 29.78   82
19   74.2  81.1   6:06pm  67.6  11:57pm    0    9  0.84   4  25  10:01pm  NW 29.73   87
20   71.1  85.5   5:28pm  58.7   7:36am    1    7  0.00   5  20  12:32am  NW 29.86   56
21   76.5  90.5   3:30pm  65.5  12:29am    0   11  0.00   1  10   2:18pm SSE 29.88   48
22   74.1  85.7   5:03pm  61.6   7:32am    0    8  0.00   5  27  12:44pm   N 29.99   55
23   72.8  83.8   3:05pm  61.8   7:04am    0    8  0.00   5  21  12:16pm   N 30.06   56
24   69.8  81.6   4:22pm  57.8   7:48am    1    6  0.00   5  20   1:49pm   N 30.05   46
25   73.4  85.1   3:58pm  63.1   7:31am    0    9  0.00   5  20   1:02pm   N 29.92   61
26   74.6  86.7   4:31pm  61.6   7:17am    0    9  0.00   5  24  12:55pm  NW 29.78   59
27   79.3  93.4   3:22pm  66.4   5:11am    0   14  0.00   1   8  11:31am  SE 29.83   46
28   76.9  88.0   3:51pm  67.1  12:00am    0   12  0.00   1  17   2:20pm WSW 29.95   58
29   74.5  85.7   2:42pm  65.8   4:55am    0    9  0.00   2  16  11:09am WSW 30.02   73
30   74.9  86.7   3:47pm  66.1  12:00am    0    9  0.00   2  17  11:42am ESE 29.98   77
---------------------------------------------------------------------------------------
TOT  76.6  94.9   9/2/02  57.8  9/24/02    3  336  3.29   3  28   9/7/02 SSE 29.93   69

HEAT BASE: 65.0
COOL BASE: 65.0