NOAA-Style Climate Reports

Select a Year or Month report
2019: Jan Feb Mar Apr May Jun Jul Aug Sep Oct Nov Dec
2018: Jan Feb Mar Apr May Jun Jul Aug Sep Oct Nov Dec
2017: Jan Feb Mar Apr May Jun Jul Aug Sep Oct Nov Dec
2016: Jan Feb Mar Apr May Jun Jul Aug Sep Oct Nov Dec
2015: Jan Feb Mar Apr May Jun Jul Aug Sep Oct Nov Dec
2014: Jan Feb Mar Apr May Jun Jul Aug Sep Oct Nov Dec
2013: Jan Feb Mar Apr May Jun Jul Aug Sep Oct Nov Dec
2012: Jan Feb Mar Apr May Jun Jul Aug Sep Oct Nov Dec
2011: Jan Feb Mar Apr May Jun Jul Aug Sep Oct Nov Dec
2010: Jan Feb Mar Apr May Jun Jul Aug Sep Oct Nov Dec
2009: Jan Feb Mar Apr May Jun Jul Aug Sep Oct Nov Dec
2008: Jan Feb Mar Apr May Jun Jul Aug Sep Oct Nov Dec
2007: Jan Feb Mar Apr May Jun Jul Aug Sep Oct Nov Dec
2006: Jan Feb Mar Apr May Jun Jul Aug Sep Oct Nov Dec
2005: Jan Feb Mar Apr May Jun Jul Aug Sep Oct Nov Dec
2004: Jan Feb Mar Apr May Jun Jul Aug Sep Oct Nov Dec
2003: Jan Feb Mar Apr May Jun Jul Aug Sep Oct Nov Dec
2002: Jan Feb Mar Apr May Jun Jul Aug Sep Oct Nov Dec

Report for 2002 February
                  MONTHLY CLIMATOLOGICAL SUMMARY FOR 2/2002
                                        HEAT  COOL        
     MEAN                               DEG   DEG       WIND SPEED       DOM
DAY  TEMP  HIGH   TIME     LOW   TIME   DAYS  DAYS RAIN AVG  HI  TIME    DIR
-----------------------------------------------------------------------------
1    41.3  59.7   3:12pm  30.2  10:55pm   19    0  0.00   8  26   4:17am  NNW
2    45.1  71.4   2:24pm  26.2   4:41am   15    0  0.00   2  15  10:32am   NW
3    49.0  63.1  12:13pm  39.6   2:32am   14    0  0.00   2  10   9:26am  NNW
4    45.2  48.2  12:00am  44.6   9:53pm   16    0  0.00   4  11   6:45am    E
5    42.0  45.3  12:00am  39.2   6:21pm    9    0  0.71   4  16   9:00pm    N
6    39.0  55.2  12:34pm  33.3  10:01pm   15    0  0.00   7  25  12:57pm    N
7    52.6  80.8   2:44pm  29.5   4:24am   12    2  0.00   2  15  12:50pm    E
8    54.7  81.1   1:58pm  34.3   6:53am   10    2  0.00   3  16  11:51am   SE
9    63.0  88.2  12:58pm  43.0   9:13pm    4    3  0.00   7  23   1:17pm   NW
10   48.7  61.2   1:25pm  37.8  10:59pm   11    0  0.16  13  41   9:38am   NW
11   35.2  58.3   5:25pm  25.2   6:32am   17    0  0.00   5  19  12:44am    W
12   53.5  82.6   3:32pm  33.6   3:55am    9    2  0.00   4  16  10:53am  SSE
13   54.3  78.3   2:38pm  33.8   7:29am    9    1  0.00   6  25   9:55am  NNW
14   53.7  79.5   3:10pm  33.6   3:55am   13    3  0.00   4  19   2:23pm   NW
15   61.9  80.1  12:31pm  47.7   7:23am   18    5  0.00   9  33   3:32pm   NW
16   51.3  80.4  12:29pm  31.1   7:26am   13    1  0.00   4  16   3:05pm   NW
17    0.0  49.5  10:58pm  49.3  10:58pm    0    0  0.00   0   6  10:58pm  ---
18   59.4  71.6   1:22pm  45.7   3:14am    6    1  0.00   6  28   1:33pm   SE
19   69.9  93.7   3:01pm  52.5   8:36pm    1    6  0.00   7  25   3:10am  WSW
20   66.4  93.4  12:50pm  47.8   4:06am    4    7  0.00   6  30   6:02am   SW
21   62.4  91.2  11:35am  52.0  12:37am    5    3  0.00   8  34   7:02pm  NNW
22   54.4  79.2   3:07pm  37.2   6:55am    9    1  0.00   7  25   2:14pm   NW
23   58.4  88.2   2:24pm  38.7   4:15am    8    4  0.00   4  19   2:40pm   SE
24   63.2  90.7   2:18pm  44.2   2:03am    7    5  0.00   6  24   4:06pm   SE
25   65.6  87.6  10:11am  44.8  10:55pm    4    4  0.00   6  30  10:59pm    N
26   33.4  48.2   3:26pm  19.8  10:56pm   30    0  0.28  13  39   6:58am   NW
27   40.6  68.4  12:05pm  17.1   6:50am   17    0  0.00   3  15   4:28pm   SE
28   44.4  68.0  11:53am  25.5   7:03am   19    0  0.00   4  18   6:55pm   SE
-----------------------------------------------------------------------------
TOT  53.4  93.7  2/19/02  17.1  2/27/02  317   50  1.14   6  41  2/10/02   SE

HEAT BASE: 90.0
COOL BASE: 32.0