NOAA-Style Climate Reports

Select a Year or Month report
2019: Jan Feb Mar Apr May Jun Jul Aug Sep Oct Nov Dec
2018: Jan Feb Mar Apr May Jun Jul Aug Sep Oct Nov Dec
2017: Jan Feb Mar Apr May Jun Jul Aug Sep Oct Nov Dec
2016: Jan Feb Mar Apr May Jun Jul Aug Sep Oct Nov Dec
2015: Jan Feb Mar Apr May Jun Jul Aug Sep Oct Nov Dec
2014: Jan Feb Mar Apr May Jun Jul Aug Sep Oct Nov Dec
2013: Jan Feb Mar Apr May Jun Jul Aug Sep Oct Nov Dec
2012: Jan Feb Mar Apr May Jun Jul Aug Sep Oct Nov Dec
2011: Jan Feb Mar Apr May Jun Jul Aug Sep Oct Nov Dec
2010: Jan Feb Mar Apr May Jun Jul Aug Sep Oct Nov Dec
2009: Jan Feb Mar Apr May Jun Jul Aug Sep Oct Nov Dec
2008: Jan Feb Mar Apr May Jun Jul Aug Sep Oct Nov Dec
2007: Jan Feb Mar Apr May Jun Jul Aug Sep Oct Nov Dec
2006: Jan Feb Mar Apr May Jun Jul Aug Sep Oct Nov Dec
2005: Jan Feb Mar Apr May Jun Jul Aug Sep Oct Nov Dec
2004: Jan Feb Mar Apr May Jun Jul Aug Sep Oct Nov Dec
2003: Jan Feb Mar Apr May Jun Jul Aug Sep Oct Nov Dec
2002: Jan Feb Mar Apr May Jun Jul Aug Sep Oct Nov Dec

Report for 2002 January
                  MONTHLY CLIMATOLOGICAL SUMMARY FOR 1/2002
                                        HEAT  COOL        
     MEAN                               DEG   DEG       WIND SPEED       DOM
DAY  TEMP  HIGH   TIME     LOW   TIME   DAYS  DAYS RAIN AVG  HI  TIME    DIR
-----------------------------------------------------------------------------
1    34.5  41.2   1:42pm  30.2   6:55am   29    0  0.00   8  23   7:04pm  NNW
2    34.5  53.1   2:15pm  22.5  11:58pm   28    0  0.00   9  26   3:08pm   NW
3
4
5    47.4  58.1  11:52am  39.6  11:59pm    9    0  0.00   9  29   3:46pm    W
6    49.7  78.4   2:16pm  31.8   6:26am   16    2  0.00   5  20  12:54pm  WNW
7    50.0  80.8   3:22pm  30.4   7:02am   17    3  0.00   3  13  12:13pm    W
8    59.3  78.1   2:51pm  41.5   7:23am    5    2  0.00   5  20  10:55am  SSE
9    61.9  84.0   2:04pm  49.8   2:14am    6    3  0.00   5  22   1:37pm   SE
10   61.0  76.6  11:50am  50.5  11:40pm    5    2  0.00   6  28   9:25pm   NW
11   51.2  64.6   2:12pm  40.6  11:58pm   12    0  0.00   8  29  12:20am   NW
12   36.8  46.0   6:25pm  33.3   4:49am   11    0  0.00   4  14   7:45am    W
13   61.2  77.2   2:37pm  36.7   7:45am    3    2  0.00   5  21   4:09pm    S
14   42.5  49.1  12:00am  38.5   5:15am   10    0  0.00   3  16   7:37am  NNE
15   48.1  76.1  12:09pm  34.9   7:15am   11    1  0.00   3  19  12:26pm   SE
16   48.5  59.2  10:58pm  44.2   2:33am    5    0  0.00   4  15  12:16am  ESE
17   57.9  62.1   7:02am  47.1  10:17pm    2    0  0.00   1  13   8:45am  NNW
18   48.5  54.0   4:00pm  43.5   9:32am   14    0  0.00   3  14   2:34am    N
19   51.3  64.9   2:57pm  34.7  10:53pm   13    0  0.00   7  28  11:38am   NW
20   41.1  71.4   1:46pm  32.7   1:04am    5    0  0.00   3  16   1:06pm  SSE
21   48.7  53.6   7:03pm  36.3   7:32am    4    0  0.00   5  16  12:42am  ESE
22   60.2  73.0   5:03pm  49.5  12:29am    5    1  0.00   3  13   3:23pm   SE
23   67.1  69.4   8:48pm  65.5  12:00am    0    1  0.00   5  17   5:36am   SE
24   44.9  68.9  12:00am  41.0   9:12am    6    1  0.14  13  34   9:58am  NNW
25   38.5  54.7   8:59am  34.0   6:41am    6    0  0.00   8  19   8:49am  ENE
26   54.4  76.5  12:41pm  36.7   3:14am    6    1  0.00   3  13   1:58pm   SE
27   57.2  88.3   2:19pm  38.8   5:27am   11    4  0.00   3  15  11:03am   SE
28   65.5  85.5   1:34pm  51.3  12:11am    2    3  0.00   4  20   3:41pm   SE
29   68.0  76.3  10:16am  66.6   7:39am    0    1  0.00   7  26   1:31am   SE
30   66.7  67.6   2:32am  65.8   5:04am    0    1  0.00   6  23   1:48am   SE
31   60.4  69.6  12:34am  45.5   8:36am    4    1  0.24   9  34   8:30am   NW
-----------------------------------------------------------------------------
TOT  60.4  69.6  12:34am  45.5   8:36am  248   27  0.28   9  34   8:30am  ---

HEAT BASE: 90.0
COOL BASE: 32.0