NOAA-Style Climate Reports

Select a Year or Month report
2019: Jan Feb Mar Apr May Jun Jul Aug Sep Oct Nov Dec
2018: Jan Feb Mar Apr May Jun Jul Aug Sep Oct Nov Dec
2017: Jan Feb Mar Apr May Jun Jul Aug Sep Oct Nov Dec
2016: Jan Feb Mar Apr May Jun Jul Aug Sep Oct Nov Dec
2015: Jan Feb Mar Apr May Jun Jul Aug Sep Oct Nov Dec
2014: Jan Feb Mar Apr May Jun Jul Aug Sep Oct Nov Dec
2013: Jan Feb Mar Apr May Jun Jul Aug Sep Oct Nov Dec
2012: Jan Feb Mar Apr May Jun Jul Aug Sep Oct Nov Dec
2011: Jan Feb Mar Apr May Jun Jul Aug Sep Oct Nov Dec
2010: Jan Feb Mar Apr May Jun Jul Aug Sep Oct Nov Dec
2009: Jan Feb Mar Apr May Jun Jul Aug Sep Oct Nov Dec
2008: Jan Feb Mar Apr May Jun Jul Aug Sep Oct Nov Dec
2007: Jan Feb Mar Apr May Jun Jul Aug Sep Oct Nov Dec
2006: Jan Feb Mar Apr May Jun Jul Aug Sep Oct Nov Dec
2005: Jan Feb Mar Apr May Jun Jul Aug Sep Oct Nov Dec
2004: Jan Feb Mar Apr May Jun Jul Aug Sep Oct Nov Dec
2003: Jan Feb Mar Apr May Jun Jul Aug Sep Oct Nov Dec
2002: Jan Feb Mar Apr May Jun Jul Aug Sep Oct Nov Dec

Report for 2019 August
                  MONTHLY CLIMATOLOGICAL SUMMARY FOR 8/2019
                                        HEAT  COOL        
     MEAN                               DEG   DEG       WIND SPEED       DOM MEAN  MEAN
DAY  TEMP  HIGH   TIME     LOW   TIME   DAYS  DAYS RAIN AVG  HI  TIME    DIR BAROM HUM
---------------------------------------------------------------------------------------
1    85.0  96.8   4:30pm  72.6   6:52am   15   53  0.00   2  16   3:55pm  SE 29.94   62
2    86.2  97.0   4:23pm  74.0   6:24am   14   54  0.00   2  14   4:43pm  SE 29.91   61
3    84.5  95.6   2:31pm  76.5   7:12am   16   52  0.00   3  15   6:41pm  SE 29.86   65
4    82.6  94.9   4:38pm  75.1   7:58am   17   51  0.07   2  13   7:51pm  SE 29.88   74
5    85.4  97.5   4:44pm  75.1   7:04am   15   53  0.00   2  15   4:54pm SSE 29.87   68
6    86.5  98.4   5:12pm  74.9   7:03am   14   54  0.00   3  16   1:37pm SSE 29.85   66
7    87.1  99.5   4:10pm  75.9   7:21am   13   55  0.00   3  25   2:26pm SSE 29.84   66
8    87.9 101.6   5:42pm  76.3   7:08am   12   56  0.00   4  22   9:03pm SSE 29.83   64
9    87.8 101.6   4:31pm  76.6   6:46am   12   56  0.00   4  24   5:12pm SSE 29.84   64
10   87.7 101.8   5:03pm  76.6   6:44am   12   56  0.00   4  20   3:20pm  SE 29.86   64
11   87.8 100.9   4:41pm  76.0   5:57am   12   56  0.00   3  19   8:58am  SE 29.88   63
12   88.6 102.5   4:14pm  75.8   7:14am   12   57  0.00   3  19   5:50pm SSE 29.83   62
13   88.5 101.9   5:12pm  75.9   7:03am   12   57  0.00   3  18   4:37pm  SE 29.82   62
14   86.9 100.4   6:03pm  75.6   7:24am   13   55  0.12   2  15   8:35pm ESE 29.88   65
15   84.5  98.5   5:00pm  72.6   5:37am   15   53  0.00   2  13   3:22pm ESE 29.90   71
16   88.3 101.8   3:58pm  74.9   7:29am   12   56  0.00   3  17  10:48pm  SE 29.84   58
17   87.9 101.2   4:25pm  76.7   6:49am   12   56  0.00   5  18  10:16pm SSE 29.79   62
18   87.6 101.4   5:00pm  76.8   6:40am   12   56  0.00   6  21  10:11pm SSE 29.80   64
19   80.3  82.3  12:00am  78.9   2:25am    2    6  0.00   5  12  12:27am SSE 29.86   82
---------------------------------------------------------------------------------------
TOT  86.7 102.5  8/12/19  72.6   8/1/19  242  991  0.19   3  25   8/7/19  SE 29.86   65

HEAT BASE: 100.0
COOL BASE: 32.0