NOAA-Style Climate Reports

Select a Year or Month report
2019: Jan Feb Mar Apr May Jun Jul Aug Sep Oct Nov Dec
2018: Jan Feb Mar Apr May Jun Jul Aug Sep Oct Nov Dec
2017: Jan Feb Mar Apr May Jun Jul Aug Sep Oct Nov Dec
2016: Jan Feb Mar Apr May Jun Jul Aug Sep Oct Nov Dec
2015: Jan Feb Mar Apr May Jun Jul Aug Sep Oct Nov Dec
2014: Jan Feb Mar Apr May Jun Jul Aug Sep Oct Nov Dec
2013: Jan Feb Mar Apr May Jun Jul Aug Sep Oct Nov Dec
2012: Jan Feb Mar Apr May Jun Jul Aug Sep Oct Nov Dec
2011: Jan Feb Mar Apr May Jun Jul Aug Sep Oct Nov Dec
2010: Jan Feb Mar Apr May Jun Jul Aug Sep Oct Nov Dec
2009: Jan Feb Mar Apr May Jun Jul Aug Sep Oct Nov Dec
2008: Jan Feb Mar Apr May Jun Jul Aug Sep Oct Nov Dec
2007: Jan Feb Mar Apr May Jun Jul Aug Sep Oct Nov Dec
2006: Jan Feb Mar Apr May Jun Jul Aug Sep Oct Nov Dec
2005: Jan Feb Mar Apr May Jun Jul Aug Sep Oct Nov Dec
2004: Jan Feb Mar Apr May Jun Jul Aug Sep Oct Nov Dec
2003: Jan Feb Mar Apr May Jun Jul Aug Sep Oct Nov Dec
2002: Jan Feb Mar Apr May Jun Jul Aug Sep Oct Nov Dec

Report for 2019 February
                  MONTHLY CLIMATOLOGICAL SUMMARY FOR 2/2019
                                        HEAT  COOL        
     MEAN                               DEG   DEG       WIND SPEED       DOM MEAN  MEAN
DAY  TEMP  HIGH   TIME     LOW   TIME   DAYS  DAYS RAIN AVG  HI  TIME    DIR BAROM HUM
---------------------------------------------------------------------------------------
1    58.9  65.3   4:09pm  55.8   5:15am   41   27  0.02   3  13  10:53pm ESE 30.08   95
2    60.0  62.9   4:52pm  58.0   6:49am   40   28  0.02   3  12  12:46am  SE 30.03   97
3    65.0  73.9   2:06pm  60.8   2:18am   35   33  0.02   3  19   3:31pm   S 29.86   91
4    67.7  76.4   4:06pm  64.3   6:21am   32   36  0.00   4  19  11:47pm  SW 29.84   90
5    68.5  77.0   3:18pm  65.7   5:02am   32   36  0.01   4  21   1:11pm   S 29.83   91
6    69.1  73.5   4:24pm  66.0   1:52am   31   37  0.00   5  23  11:09pm   S 29.79   94
7    57.9  70.2   6:29am  37.3  11:57pm   42   26  0.01   9  29   7:18am   N 30.03   68
8    33.7  37.3  12:00am  32.0   7:52am   66    2  0.00   8  20  12:58am   N 30.53   67
9    35.0  38.9   3:23pm  32.2   2:10am   65    3  0.16   4  14   1:39am NNE 30.47   89
10   41.3  46.8  11:52pm  36.6  12:00am   59    9  0.13   2   9   3:06am ESE 30.18   97
11   55.1  60.2   1:13pm  46.6  12:56am   45   23  0.04   3  16   7:45am  SW 29.89   97
12   52.3  61.8   2:42pm  40.9  11:53pm   48   20  0.00   7  25   4:10am  NW 30.17   58
13   49.8  64.1   2:59pm  37.1   6:20am   50   18  0.00   3  19  10:54am   S 30.19   62
14   60.8  73.8   2:28pm  51.3  12:28am   39   29  0.00   6  30   3:57am  SW 29.86   78
15   70.9  89.3   2:51pm  56.3  12:31am   29   39  0.00   6  22  12:30pm  SW 29.71   61
16   49.9  61.9  12:00am  41.1  10:13am   50   18  0.00   5  18   9:56am   N 29.73   78
17   55.1  61.1   2:46pm  46.5  11:58pm   45   23  0.00   6  21  11:46am   N 29.84   67
18   48.5  57.2   3:05pm  42.0   6:26am   36   12  0.00   6  20   8:51am  NE 30.14   53
---------------------------------------------------------------------------------------
TOT  55.7  89.3  2/15/19  32.0   2/8/19  785  419  0.41   5  30  2/14/19   S 30.01   80

HEAT BASE: 100.0
COOL BASE: 32.0