NOAA-Style Climate Reports

Select a Year or Month report
2020: Jan Feb Mar Apr May Jun Jul Aug Sep Oct Nov Dec
2019: Jan Feb Mar Apr May Jun Jul Aug Sep Oct Nov Dec
2018: Jan Feb Mar Apr May Jun Jul Aug Sep Oct Nov Dec
2017: Jan Feb Mar Apr May Jun Jul Aug Sep Oct Nov Dec
2016: Jan Feb Mar Apr May Jun Jul Aug Sep Oct Nov Dec
2015: Jan Feb Mar Apr May Jun Jul Aug Sep Oct Nov Dec
2014: Jan Feb Mar Apr May Jun Jul Aug Sep Oct Nov Dec
2013: Jan Feb Mar Apr May Jun Jul Aug Sep Oct Nov Dec
2012: Jan Feb Mar Apr May Jun Jul Aug Sep Oct Nov Dec
2011: Jan Feb Mar Apr May Jun Jul Aug Sep Oct Nov Dec
2010: Jan Feb Mar Apr May Jun Jul Aug Sep Oct Nov Dec
2009: Jan Feb Mar Apr May Jun Jul Aug Sep Oct Nov Dec
2008: Jan Feb Mar Apr May Jun Jul Aug Sep Oct Nov Dec
2007: Jan Feb Mar Apr May Jun Jul Aug Sep Oct Nov Dec
2006: Jan Feb Mar Apr May Jun Jul Aug Sep Oct Nov Dec
2005: Jan Feb Mar Apr May Jun Jul Aug Sep Oct Nov Dec
2004: Jan Feb Mar Apr May Jun Jul Aug Sep Oct Nov Dec
2003: Jan Feb Mar Apr May Jun Jul Aug Sep Oct Nov Dec
2002: Jan Feb Mar Apr May Jun Jul Aug Sep Oct Nov Dec

Report for 2020 March
                  MONTHLY CLIMATOLOGICAL SUMMARY FOR 3/2020
                                        HEAT  COOL        
     MEAN                               DEG   DEG       WIND SPEED       DOM MEAN  MEAN
DAY  TEMP  HIGH   TIME     LOW   TIME   DAYS  DAYS RAIN AVG  HI  TIME    DIR BAROM HUM
---------------------------------------------------------------------------------------
1    63.1  74.6   3:42pm  55.1   4:47am   37   31  0.00   5  21  12:15am SSE 29.88   81
2    67.0  75.4   4:04pm  63.1  12:00am   33   35  0.00   3  17   1:10am SSE 29.78   87
3    67.3  71.1  11:50am  62.1   7:25am   33   35  0.00   3  22   3:47pm   N 29.74   88
4    59.8  66.5  12:00am  51.0  11:57pm   40   28  0.72   6  22   9:56am NNW 29.80   91
5    57.0  72.5   4:09pm  45.3   6:56am   43   25  0.00   5  20  11:51am NNW 30.22   70
6    56.6  68.0   3:06pm  48.4   2:18am   43   25  0.00   4  21  10:07am NNE 30.43   48
7    52.5  62.2   4:28pm  44.9   4:28am   48   20  0.00   3  18   4:17pm  SE 30.34   62
8    58.8  73.1   3:33pm  47.4   3:55am   40   26  0.00   6  26   4:39pm  SE 30.20   81
9    63.6  66.3   4:30pm  61.9   6:16am   36   32  0.12   4  27   2:17am SSE 30.13   93
10   67.2  77.6   5:28pm  58.6   6:22am   33   35  0.01   2  11  12:51pm SSE 30.18   87
11   72.2  82.6   3:54pm  66.0   4:11am   28   40  0.00   3  14   2:26am SSE 30.00   78
12   73.1  85.1   3:25pm  65.1   4:10am   27   41  0.00   4  22  12:55pm SSE 29.83   76
13   71.3  80.4   5:33pm  66.0   4:35am   29   39  0.00   5  23   7:07pm  SE 29.89   81
14   73.7  80.8   4:10pm  68.3   7:51am   26   42  0.00   5  19  12:29am  SE 30.01   80
15   69.6  69.6  12:00am  69.6  12:00am   30   38  0.00   2   4  12:00am ESE 30.16   86
16   69.4  71.9   4:38pm  66.6  11:58pm   31   37  0.02   3  14   6:40pm ESE 30.11   86
17   69.6  79.4   4:41pm  66.1   7:07am   30   38  0.29   5  19   2:59pm  SE 30.00   90
18   72.3  81.0   4:16pm  67.6   2:28am   28   40  0.00   6  22   6:38pm  SE 29.92   83
19   72.5  81.7   4:04pm  67.0   7:57am   27   41  0.03   5  22   4:55am  SE 29.89   85
20   57.7  70.2  12:00am  49.6  11:51pm   42   26  0.61   7  34   6:27am NNW 30.16   92
21   49.1  51.9  11:59pm  45.7   7:53am   51   17  0.68   5  17  12:12am   N 30.27   89
22   58.0  63.5   4:41pm  51.8  12:00am   42   26  0.02   1   8  12:56am SSE 30.09   93
23   69.5  80.8   6:14pm  62.5  12:00am   30   38  0.01   3  19   8:32pm SSE 29.97   87
24   73.7  89.3   4:36pm  64.5  10:50pm   26   42  0.00   4  19   4:41pm  NW 29.86   65
25   74.1  88.7   4:48pm  61.0   8:00am   26   42  0.00   3  16   2:37pm SSE 29.84   66
26   73.8  85.9   4:16pm  65.4   4:36am   26   42  0.00   5  22  11:21am SSE 29.76   79
27   75.5  87.3   3:47pm  67.9   2:14am   25   43  0.00   6  25  10:01am SSE 29.68   78
28   68.6  77.1   3:09pm  55.4  11:57pm   31   37  0.09   6  30   5:52am  NW 29.79   65
29   64.7  77.6   4:19pm  50.8   2:39am   35   33  0.00   4  18   3:53pm ESE 30.06   47
30   65.9  70.5   6:32pm  62.8   6:15am   34   34  0.15   2  16   1:18am ESE 29.91   82
31   63.1  72.5   5:40pm  53.0   6:29am   28   23  0.01   7  23   8:59am NNW 29.95   78
---------------------------------------------------------------------------------------
TOT  66.2  89.3  3/24/20  44.9   3/7/20 1039 1050  2.76   4  31  3/20/20  SE 29.99   79

HEAT BASE: 100.0
COOL BASE: 32.0