NOAA-Style Climate Reports

Select a Year or Month report
2019: Jan Feb Mar Apr May Jun Jul Aug Sep Oct Nov Dec
2018: Jan Feb Mar Apr May Jun Jul Aug Sep Oct Nov Dec
2017: Jan Feb Mar Apr May Jun Jul Aug Sep Oct Nov Dec
2016: Jan Feb Mar Apr May Jun Jul Aug Sep Oct Nov Dec
2015: Jan Feb Mar Apr May Jun Jul Aug Sep Oct Nov Dec
2014: Jan Feb Mar Apr May Jun Jul Aug Sep Oct Nov Dec
2013: Jan Feb Mar Apr May Jun Jul Aug Sep Oct Nov Dec
2012: Jan Feb Mar Apr May Jun Jul Aug Sep Oct Nov Dec
2011: Jan Feb Mar Apr May Jun Jul Aug Sep Oct Nov Dec
2010: Jan Feb Mar Apr May Jun Jul Aug Sep Oct Nov Dec
2009: Jan Feb Mar Apr May Jun Jul Aug Sep Oct Nov Dec
2008: Jan Feb Mar Apr May Jun Jul Aug Sep Oct Nov Dec
2007: Jan Feb Mar Apr May Jun Jul Aug Sep Oct Nov Dec
2006: Jan Feb Mar Apr May Jun Jul Aug Sep Oct Nov Dec
2005: Jan Feb Mar Apr May Jun Jul Aug Sep Oct Nov Dec
2004: Jan Feb Mar Apr May Jun Jul Aug Sep Oct Nov Dec
2003: Jan Feb Mar Apr May Jun Jul Aug Sep Oct Nov Dec
2002: Jan Feb Mar Apr May Jun Jul Aug Sep Oct Nov Dec

Report for 2019 April
                  MONTHLY CLIMATOLOGICAL SUMMARY FOR 4/2019
                                        HEAT  COOL        
     MEAN                               DEG   DEG       WIND SPEED       DOM MEAN  MEAN
DAY  TEMP  HIGH   TIME     LOW   TIME   DAYS  DAYS RAIN AVG  HI  TIME    DIR BAROM HUM
---------------------------------------------------------------------------------------
1    48.4  61.9   5:34pm  37.3   3:25am   52   16  0.00   2  13   6:15pm  SE 30.23   62
2    55.7  71.5   3:48pm  39.5   6:14am   44   24  0.00   4  22   2:58pm SSE 30.16   54
3    60.5  67.5  12:57pm  53.5   1:09am   40   28  0.08   5  22  11:40am SSE 30.04   83
4    73.7  89.0   4:49pm  64.5   7:49am   26   42  0.04   4  24   4:51pm SSE 29.91   73
5    68.4  80.1   5:09pm  58.6   4:36am   32   36  0.00   4  15   3:12pm ESE 29.90   83
6    68.4  71.6   6:20pm  65.1   2:27pm   32   36  0.63   3  17   1:52am  SE 29.81   95
7    64.3  68.3   3:17pm  60.6  10:38am   36   32  0.82   5  23  12:43pm NNW 29.85   91
8    69.5  84.8   4:26pm  56.9   7:39am   30   38  0.02   6  25   4:07pm  NW 29.92   63
9    74.0  89.2   3:12pm  59.2   7:32am   26   42  0.00   2  14   5:44pm SSE 29.86   55
10   76.1  91.7   3:09pm  61.5   6:22am   24   44  0.00   7  33   2:27pm   S 29.59   54
11   68.6  79.9   5:33pm  57.3  11:56pm   31   37  0.00   5  24  10:17am  NW 29.61   48
12   64.1  78.0   5:31pm  50.9   5:44am   36   32  0.06   4  21   9:40am ESE 29.76   65
13   60.6  66.7   1:45pm  46.3  11:15pm   39   29  0.25  10  43   5:42pm  NW 29.63   83
14   56.7  73.7   5:30pm  43.9   6:11am   43   25  0.00   8  39   1:43am  NW 29.98   61
15   66.3  80.4   3:45pm  53.7  12:08am   34   34  0.00   5  24  12:17pm   S 29.98   59
16   69.4  79.2   2:39pm  62.2   5:38am   31   37  0.00   7  28   1:24pm SSE 29.92   78
17   73.1  83.6   3:37pm  62.9  11:59pm   27   41  0.06   6  36  11:50pm SSE 29.72   88
18   63.5  73.5   4:16pm  55.0  10:44pm   36   32  0.43   9  34   1:40am NNW 29.77   74
19   57.5  63.9   9:50am  55.3   3:44am   18   11  0.00   7  25   9:24am  NW 30.00   63
---------------------------------------------------------------------------------------
TOT  65.4  91.7  4/10/19  37.3   4/1/19  637  616  2.39   5  41  4/13/19 SSE 29.87   70

HEAT BASE: 100.0
COOL BASE: 32.0