NOAA-Style Climate Reports

Select a Year or Month report
2019: Jan Feb Mar Apr May Jun Jul Aug Sep Oct Nov Dec
2018: Jan Feb Mar Apr May Jun Jul Aug Sep Oct Nov Dec
2017: Jan Feb Mar Apr May Jun Jul Aug Sep Oct Nov Dec
2016: Jan Feb Mar Apr May Jun Jul Aug Sep Oct Nov Dec
2015: Jan Feb Mar Apr May Jun Jul Aug Sep Oct Nov Dec
2014: Jan Feb Mar Apr May Jun Jul Aug Sep Oct Nov Dec
2013: Jan Feb Mar Apr May Jun Jul Aug Sep Oct Nov Dec
2012: Jan Feb Mar Apr May Jun Jul Aug Sep Oct Nov Dec
2011: Jan Feb Mar Apr May Jun Jul Aug Sep Oct Nov Dec
2010: Jan Feb Mar Apr May Jun Jul Aug Sep Oct Nov Dec
2009: Jan Feb Mar Apr May Jun Jul Aug Sep Oct Nov Dec
2008: Jan Feb Mar Apr May Jun Jul Aug Sep Oct Nov Dec
2007: Jan Feb Mar Apr May Jun Jul Aug Sep Oct Nov Dec
2006: Jan Feb Mar Apr May Jun Jul Aug Sep Oct Nov Dec
2005: Jan Feb Mar Apr May Jun Jul Aug Sep Oct Nov Dec
2004: Jan Feb Mar Apr May Jun Jul Aug Sep Oct Nov Dec
2003: Jan Feb Mar Apr May Jun Jul Aug Sep Oct Nov Dec
2002: Jan Feb Mar Apr May Jun Jul Aug Sep Oct Nov Dec

Report for 2019 October
                  MONTHLY CLIMATOLOGICAL SUMMARY FOR 10/2019
                                        HEAT  COOL        
     MEAN                               DEG   DEG       WIND SPEED       DOM MEAN  MEAN
DAY  TEMP  HIGH   TIME     LOW   TIME   DAYS  DAYS RAIN AVG  HI  TIME    DIR BAROM HUM
---------------------------------------------------------------------------------------
1    82.4  93.0   4:51pm  75.2   7:50am   18   50  0.00   5  20   9:39pm  SE 29.89   73
2    81.9  93.4   4:13pm  74.7   7:45am   18   50  0.00   4  17  12:49am  SE 29.90   72
3    80.9  91.9   3:46pm  70.9   7:45am   19   49  0.00   3  18   3:05pm  SE 29.95   71
4    79.7  91.5   4:05pm  68.8   7:34am   20   48  0.00   2  15   1:45pm ESE 29.98   67
5    80.7  93.4   4:33pm  71.1   5:19am   19   49  0.00   3  15  12:40pm  SE 29.91   65
6    81.0  94.6   3:25pm  70.7   7:46am   19   49  0.00   2  11  12:15pm  SE 29.90   61
7    72.8  81.4   4:08pm  64.4   8:44am   27   41  0.00   6  23   7:44am NNW 30.03   67
8    69.5  84.4   4:49pm  57.4   7:51am   30   38  0.00   3  12  11:07am ESE 30.01   64
9    77.6  92.1   4:08pm  62.1   2:07am   22   46  0.00   4  22   5:21pm  SE 29.85   68
10   83.1  95.1   3:41pm  75.7   7:42am   17   51  0.00   7  26  11:15am SSE 29.76   70
11   55.8  78.4  12:00am  44.3  12:10pm   44   24  0.18  10  32  11:25am NNW 30.06   77
12   55.9  62.8   6:14pm  51.3   7:58am   44   24  0.00   4  18   5:06am   N 30.17   45
13   65.2  78.1   2:22pm  53.3   6:25am   35   33  0.00   2  11   4:00pm  SE 29.99   58
14   75.7  88.0   4:39pm  67.3   6:27am   24   44  0.00   2  15   2:38pm  SE 29.91   74
15   79.7  93.6   3:28pm  72.0  11:06pm   20   48  0.04   3  23   6:13pm   S 29.84   77
16   65.0  72.8   1:40am  53.8  11:59pm   35   33  0.07   6  25  10:07am NNW 30.01   62
17   59.7  74.0   4:34pm  51.3  12:48am   40   28  0.00   2  14   3:05pm ESE 29.98   60
18   64.1  82.8   4:27pm  48.7   7:30am   33   29  0.00   2  14   1:47pm  SE 29.80   63
---------------------------------------------------------------------------------------
TOT  72.8  95.1 10/10/19  44.3 10/11/19  486  732  0.29   4  32 10/11/19  SE 29.94   66

HEAT BASE: 100.0
COOL BASE: 32.0